


{"id":75357,"date":"2022-04-21T13:39:46","date_gmt":"2022-04-22T09:52:38","guid":{"rendered":"https:\/\/www.icon-icon.com\/produit\/anselm-kiefer-entre-mythe-et-concept\/"},"modified":"2022-04-22T11:52:38","modified_gmt":"2022-04-22T09:52:38","slug":"anselm-kiefer-entre-mythe-et-concept-2","status":"publish","type":"product","link":"https:\/\/www.icon-icon.com\/en\/produit\/anselm-kiefer-entre-mythe-et-concept-2\/","title":{"rendered":"Anselm Kiefer- Entre mythe et concept"},"content":{"rendered":"","protected":false},"excerpt":{"rendered":"<p><strong>Icon-Icon Opinion :<\/strong><\/p>\n<p>This is the second monograph to be published that brings together the work of Anselm Kiefer- the first plastic artist appointed holder of the chair of artistic creation at the Coll\u00e8ge de France!<\/p>\n<p><strong>Author : <\/strong>Dominique Baqu\u00e9<\/p>\n<p><strong>Title :<\/strong> Entre mythe et concept<\/p>\n<p><strong>Publishing House :<\/strong> \u00c9ditions du Regard<\/p>\n<p><strong>Release date : <\/strong>September 2015<\/p>\n<p>To date, there is only one monograph by Anselm Kiefer, that of Daniel Arasse published fifteen years ago at Editions du Regard, translated into English and German, and which has been the subject of numerous reissues, notably in paperback.<br \/>\nThis second monograph is therefore necessary if we consider the development of the work of Kiefer &#8211; the first plastic artist appointed holder of the chair of artistic creation at the Coll\u00e8ge de France &#8211; and the major exhibitions dedicated to him in recent years: &#8220;Chevirat Ha-Kelim&#8221; at the Salp\u00eatri\u00e8re chapel in 2000, Monumenta 2007 and the important retrospective of the Royal Academy of Arts in London held in autumn 2014.<\/p>\n","protected":false},"featured_media":74797,"template":"","meta":{"_acf_changed":false},"product_brand":[],"product_cat":[30174,21562,22973,21724,25037],"product_tag":[31564,25389,31565,31025,31566,28698,22283,22281,31532],"class_list":{"0":"post-75357","1":"product","2":"type-product","3":"status-publish","4":"has-post-thumbnail","6":"product_cat-artists","7":"product_cat-books","8":"product_cat-culture-and-technology","9":"product_cat-design-and-art-selection","10":"product_cat-mode-et-art-en","11":"product_tag-anselm-kiefer-en","12":"product_tag-beau-livre-en","13":"product_tag-dominique-baque-en","14":"product_tag-editions-du-regard-en","15":"product_tag-entre-mythe-et-concept-en","16":"product_tag-icone-en","17":"product_tag-iconique-en","18":"product_tag-luxe-en","19":"product_tag-modern-art","21":"first","22":"instock","23":"product-type-external"},"acf":[],"yoast_head":"<!-- This site is optimized with the Yoast SEO plugin v27.2 - https:\/\/yoast.com\/product\/yoast-seo-wordpress\/ -->\n<title>Anselm Kiefer- Entre mythe et concept - ICON-ICON<\/title>\n<meta name=\"robots\" content=\"index, follow, max-snippet:-1, max-image-preview:large, max-video-preview:-1\" \/>\n<link rel=\"canonical\" href=\"https:\/\/www.icon-icon.com\/en\/produit\/anselm-kiefer-entre-mythe-et-concept-2\/\" \/>\n<meta property=\"og:locale\" content=\"en_US\" \/>\n<meta property=\"og:type\" content=\"article\" \/>\n<meta property=\"og:title\" content=\"Anselm Kiefer- Entre mythe et concept - ICON-ICON\" \/>\n<meta property=\"og:description\" content=\"Icon-Icon Opinion : This is the second monograph to be published that brings together the work of Anselm Kiefer- the first plastic artist appointed holder of the chair of artistic creation at the Coll\u00e8ge de France! Author : Dominique Baqu\u00e9 Title : Entre mythe et concept Publishing House : \u00c9ditions du Regard Release date : September 2015 To date, there is only one monograph by Anselm Kiefer, that of Daniel Arasse published fifteen years ago at Editions du Regard, translated into English and German, and which has been the subject of numerous reissues, notably in paperback. This second monograph is therefore necessary if we consider the development of the work of Kiefer - the first plastic artist appointed holder of the chair of artistic creation at the Coll\u00e8ge de France - and the major exhibitions dedicated to him in recent years: &quot;Chevirat Ha-Kelim&quot; at the Salp\u00eatri\u00e8re chapel in 2000, Monumenta 2007 and the important retrospective of the Royal Academy of Arts in London held in autumn 2014.\" \/>\n<meta property=\"og:url\" content=\"https:\/\/www.icon-icon.com\/en\/produit\/anselm-kiefer-entre-mythe-et-concept-2\/\" \/>\n<meta property=\"og:site_name\" content=\"ICON-ICON\" \/>\n<meta property=\"og:image\" content=\"https:\/\/www.icon-icon.com\/wp-content\/uploads\/2022\/04\/Anselm-Kiefer.jpg\" \/>\n\t<meta property=\"og:image:width\" content=\"500\" \/>\n\t<meta property=\"og:image:height\" content=\"500\" \/>\n\t<meta property=\"og:image:type\" content=\"image\/jpeg\" \/>\n<meta name=\"twitter:card\" content=\"summary_large_image\" \/>\n<script type=\"application\/ld+json\" class=\"yoast-schema-graph\">{\"@context\":\"https:\/\/schema.org\",\"@graph\":[{\"@type\":\"WebPage\",\"@id\":\"https:\/\/www.icon-icon.com\/en\/produit\/anselm-kiefer-entre-mythe-et-concept-2\/\",\"url\":\"https:\/\/www.icon-icon.com\/en\/produit\/anselm-kiefer-entre-mythe-et-concept-2\/\",\"name\":\"Anselm Kiefer- Entre mythe et concept - ICON-ICON\",\"isPartOf\":{\"@id\":\"https:\/\/www.icon-icon.com\/#website\"},\"primaryImageOfPage\":{\"@id\":\"https:\/\/www.icon-icon.com\/en\/produit\/anselm-kiefer-entre-mythe-et-concept-2\/#primaryimage\"},\"image\":{\"@id\":\"https:\/\/www.icon-icon.com\/en\/produit\/anselm-kiefer-entre-mythe-et-concept-2\/#primaryimage\"},\"thumbnailUrl\":\"https:\/\/www.icon-icon.com\/wp-content\/uploads\/2022\/04\/Anselm-Kiefer.jpg\",\"datePublished\":\"2022-04-22T09:52:38+00:00\",\"breadcrumb\":{\"@id\":\"https:\/\/www.icon-icon.com\/en\/produit\/anselm-kiefer-entre-mythe-et-concept-2\/#breadcrumb\"},\"inLanguage\":\"en-US\",\"potentialAction\":[{\"@type\":\"ReadAction\",\"target\":[\"https:\/\/www.icon-icon.com\/en\/produit\/anselm-kiefer-entre-mythe-et-concept-2\/\"]}]},{\"@type\":\"ImageObject\",\"inLanguage\":\"en-US\",\"@id\":\"https:\/\/www.icon-icon.com\/en\/produit\/anselm-kiefer-entre-mythe-et-concept-2\/#primaryimage\",\"url\":\"https:\/\/www.icon-icon.com\/wp-content\/uploads\/2022\/04\/Anselm-Kiefer.jpg\",\"contentUrl\":\"https:\/\/www.icon-icon.com\/wp-content\/uploads\/2022\/04\/Anselm-Kiefer.jpg\",\"width\":500,\"height\":500},{\"@type\":\"BreadcrumbList\",\"@id\":\"https:\/\/www.icon-icon.com\/en\/produit\/anselm-kiefer-entre-mythe-et-concept-2\/#breadcrumb\",\"itemListElement\":[{\"@type\":\"ListItem\",\"position\":1,\"name\":\"Accueil\",\"item\":\"https:\/\/www.icon-icon.com\/en\/\"},{\"@type\":\"ListItem\",\"position\":2,\"name\":\"Shop\",\"item\":\"https:\/\/www.icon-icon.com\/en\/shop-2\/\"},{\"@type\":\"ListItem\",\"position\":3,\"name\":\"Anselm Kiefer- Entre mythe et concept\"}]},{\"@type\":\"WebSite\",\"@id\":\"https:\/\/www.icon-icon.com\/#website\",\"url\":\"https:\/\/www.icon-icon.com\/\",\"name\":\"ICON-ICON\",\"description\":\"Luxury Stories\",\"potentialAction\":[{\"@type\":\"SearchAction\",\"target\":{\"@type\":\"EntryPoint\",\"urlTemplate\":\"https:\/\/www.icon-icon.com\/?s={search_term_string}\"},\"query-input\":{\"@type\":\"PropertyValueSpecification\",\"valueRequired\":true,\"valueName\":\"search_term_string\"}}],\"inLanguage\":\"en-US\"}]}<\/script>\n<!-- \/ Yoast SEO plugin. -->","yoast_head_json":{"title":"Anselm Kiefer- Entre mythe et concept - ICON-ICON","robots":{"index":"index","follow":"follow","max-snippet":"max-snippet:-1","max-image-preview":"max-image-preview:large","max-video-preview":"max-video-preview:-1"},"canonical":"https:\/\/www.icon-icon.com\/en\/produit\/anselm-kiefer-entre-mythe-et-concept-2\/","og_locale":"en_US","og_type":"article","og_title":"Anselm Kiefer- Entre mythe et concept - ICON-ICON","og_description":"Icon-Icon Opinion : This is the second monograph to be published that brings together the work of Anselm Kiefer- the first plastic artist appointed holder of the chair of artistic creation at the Coll\u00e8ge de France! Author : Dominique Baqu\u00e9 Title : Entre mythe et concept Publishing House : \u00c9ditions du Regard Release date : September 2015 To date, there is only one monograph by Anselm Kiefer, that of Daniel Arasse published fifteen years ago at Editions du Regard, translated into English and German, and which has been the subject of numerous reissues, notably in paperback. This second monograph is therefore necessary if we consider the development of the work of Kiefer - the first plastic artist appointed holder of the chair of artistic creation at the Coll\u00e8ge de France - and the major exhibitions dedicated to him in recent years: \"Chevirat Ha-Kelim\" at the Salp\u00eatri\u00e8re chapel in 2000, Monumenta 2007 and the important retrospective of the Royal Academy of Arts in London held in autumn 2014.","og_url":"https:\/\/www.icon-icon.com\/en\/produit\/anselm-kiefer-entre-mythe-et-concept-2\/","og_site_name":"ICON-ICON","og_image":[{"width":500,"height":500,"url":"https:\/\/www.icon-icon.com\/wp-content\/uploads\/2022\/04\/Anselm-Kiefer.jpg","type":"image\/jpeg"}],"twitter_card":"summary_large_image","schema":{"@context":"https:\/\/schema.org","@graph":[{"@type":"WebPage","@id":"https:\/\/www.icon-icon.com\/en\/produit\/anselm-kiefer-entre-mythe-et-concept-2\/","url":"https:\/\/www.icon-icon.com\/en\/produit\/anselm-kiefer-entre-mythe-et-concept-2\/","name":"Anselm Kiefer- Entre mythe et concept - ICON-ICON","isPartOf":{"@id":"https:\/\/www.icon-icon.com\/#website"},"primaryImageOfPage":{"@id":"https:\/\/www.icon-icon.com\/en\/produit\/anselm-kiefer-entre-mythe-et-concept-2\/#primaryimage"},"image":{"@id":"https:\/\/www.icon-icon.com\/en\/produit\/anselm-kiefer-entre-mythe-et-concept-2\/#primaryimage"},"thumbnailUrl":"https:\/\/www.icon-icon.com\/wp-content\/uploads\/2022\/04\/Anselm-Kiefer.jpg","datePublished":"2022-04-22T09:52:38+00:00","breadcrumb":{"@id":"https:\/\/www.icon-icon.com\/en\/produit\/anselm-kiefer-entre-mythe-et-concept-2\/#breadcrumb"},"inLanguage":"en-US","potentialAction":[{"@type":"ReadAction","target":["https:\/\/www.icon-icon.com\/en\/produit\/anselm-kiefer-entre-mythe-et-concept-2\/"]}]},{"@type":"ImageObject","inLanguage":"en-US","@id":"https:\/\/www.icon-icon.com\/en\/produit\/anselm-kiefer-entre-mythe-et-concept-2\/#primaryimage","url":"https:\/\/www.icon-icon.com\/wp-content\/uploads\/2022\/04\/Anselm-Kiefer.jpg","contentUrl":"https:\/\/www.icon-icon.com\/wp-content\/uploads\/2022\/04\/Anselm-Kiefer.jpg","width":500,"height":500},{"@type":"BreadcrumbList","@id":"https:\/\/www.icon-icon.com\/en\/produit\/anselm-kiefer-entre-mythe-et-concept-2\/#breadcrumb","itemListElement":[{"@type":"ListItem","position":1,"name":"Accueil","item":"https:\/\/www.icon-icon.com\/en\/"},{"@type":"ListItem","position":2,"name":"Shop","item":"https:\/\/www.icon-icon.com\/en\/shop-2\/"},{"@type":"ListItem","position":3,"name":"Anselm Kiefer- Entre mythe et concept"}]},{"@type":"WebSite","@id":"https:\/\/www.icon-icon.com\/#website","url":"https:\/\/www.icon-icon.com\/","name":"ICON-ICON","description":"Luxury Stories","potentialAction":[{"@type":"SearchAction","target":{"@type":"EntryPoint","urlTemplate":"https:\/\/www.icon-icon.com\/?s={search_term_string}"},"query-input":{"@type":"PropertyValueSpecification","valueRequired":true,"valueName":"search_term_string"}}],"inLanguage":"en-US"}]}},"_links":{"self":[{"href":"https:\/\/www.icon-icon.com\/en\/wp-json\/wp\/v2\/product\/75357","targetHints":{"allow":["GET"]}}],"collection":[{"href":"https:\/\/www.icon-icon.com\/en\/wp-json\/wp\/v2\/product"}],"about":[{"href":"https:\/\/www.icon-icon.com\/en\/wp-json\/wp\/v2\/types\/product"}],"wp:featuredmedia":[{"embeddable":true,"href":"https:\/\/www.icon-icon.com\/en\/wp-json\/wp\/v2\/media\/74797"}],"wp:attachment":[{"href":"https:\/\/www.icon-icon.com\/en\/wp-json\/wp\/v2\/media?parent=75357"}],"wp:term":[{"taxonomy":"product_brand","embeddable":true,"href":"https:\/\/www.icon-icon.com\/en\/wp-json\/wp\/v2\/product_brand?post=75357"},{"taxonomy":"product_cat","embeddable":true,"href":"https:\/\/www.icon-icon.com\/en\/wp-json\/wp\/v2\/product_cat?post=75357"},{"taxonomy":"product_tag","embeddable":true,"href":"https:\/\/www.icon-icon.com\/en\/wp-json\/wp\/v2\/product_tag?post=75357"}],"curies":[{"name":"wp","href":"https:\/\/api.w.org\/{rel}","templated":true}]}}

<p><strong>Icon-Icon Opinion :</strong></p>
<p>This is the second monograph to be published that brings together the work of Anselm Kiefer- the first plastic artist appointed holder of the chair of artistic creation at the Collège de France!</p>
<p><strong>Author : </strong>Dominique Baqué</p>
<p><strong>Title :</strong> Entre mythe et concept</p>
<p><strong>Publishing House :</strong> Éditions du Regard</p>
<p><strong>Release date : </strong>September 2015</p>
<p>To date, there is only one monograph by Anselm Kiefer, that of Daniel Arasse published fifteen years ago at Editions du Regard, translated into English and German, and which has been the subject of numerous reissues, notably in paperback.<br />
This second monograph is therefore necessary if we consider the development of the work of Kiefer &#8211; the first plastic artist appointed holder of the chair of artistic creation at the Collège de France &#8211; and the major exhibitions dedicated to him in recent years: &#8220;Chevirat Ha-Kelim&#8221; at the Salpêtrière chapel in 2000, Monumenta 2007 and the important retrospective of the Royal Academy of Arts in London held in autumn 2014.</p>

<!-- This site is optimized with the Yoast SEO plugin v27.2 - https://yoast.com/product/yoast-seo-wordpress/ -->
<title>Anselm Kiefer- Entre mythe et concept - ICON-ICON</title>
<meta name="robots" content="index, follow, max-snippet:-1, max-image-preview:large, max-video-preview:-1" />
<link rel="canonical" href="https://www.icon-icon.com/en/produit/anselm-kiefer-entre-mythe-et-concept-2/" />
<meta property="og:locale" content="en_US" />
<meta property="og:type" content="article" />
<meta property="og:title" content="Anselm Kiefer- Entre mythe et concept - ICON-ICON" />
<meta property="og:description" content="Icon-Icon Opinion : This is the second monograph to be published that brings together the work of Anselm Kiefer- the first plastic artist appointed holder of the chair of artistic creation at the Collège de France! Author : Dominique Baqué Title : Entre mythe et concept Publishing House : Éditions du Regard Release date : September 2015 To date, there is only one monograph by Anselm Kiefer, that of Daniel Arasse published fifteen years ago at Editions du Regard, translated into English and German, and which has been the subject of numerous reissues, notably in paperback. This second monograph is therefore necessary if we consider the development of the work of Kiefer - the first plastic artist appointed holder of the chair of artistic creation at the Collège de France - and the major exhibitions dedicated to him in recent years: &quot;Chevirat Ha-Kelim&quot; at the Salpêtrière chapel in 2000, Monumenta 2007 and the important retrospective of the Royal Academy of Arts in London held in autumn 2014." />
<meta property="og:url" content="https://www.icon-icon.com/en/produit/anselm-kiefer-entre-mythe-et-concept-2/" />
<meta property="og:site_name" content="ICON-ICON" />
<meta property="og:image" content="https://www.icon-icon.com/wp-content/uploads/2022/04/Anselm-Kiefer.jpg" />
	<meta property="og:image:width" content="500" />
	<meta property="og:image:height" content="500" />
	<meta property="og:image:type" content="image/jpeg" />
<meta name="twitter:card" content="summary_large_image" />
<script type="application/ld+json" class="yoast-schema-graph">{"@context":"https://schema.org","@graph":[{"@type":"WebPage","@id":"https://www.icon-icon.com/en/produit/anselm-kiefer-entre-mythe-et-concept-2/","url":"https://www.icon-icon.com/en/produit/anselm-kiefer-entre-mythe-et-concept-2/","name":"Anselm Kiefer- Entre mythe et concept - ICON-ICON","isPartOf":{"@id":"https://www.icon-icon.com/#website"},"primaryImageOfPage":{"@id":"https://www.icon-icon.com/en/produit/anselm-kiefer-entre-mythe-et-concept-2/#primaryimage"},"image":{"@id":"https://www.icon-icon.com/en/produit/anselm-kiefer-entre-mythe-et-concept-2/#primaryimage"},"thumbnailUrl":"https://www.icon-icon.com/wp-content/uploads/2022/04/Anselm-Kiefer.jpg","datePublished":"2022-04-22T09:52:38+00:00","breadcrumb":{"@id":"https://www.icon-icon.com/en/produit/anselm-kiefer-entre-mythe-et-concept-2/#breadcrumb"},"inLanguage":"en-US","potentialAction":[{"@type":"ReadAction","target":["https://www.icon-icon.com/en/produit/anselm-kiefer-entre-mythe-et-concept-2/"]}]},{"@type":"ImageObject","inLanguage":"en-US","@id":"https://www.icon-icon.com/en/produit/anselm-kiefer-entre-mythe-et-concept-2/#primaryimage","url":"https://www.icon-icon.com/wp-content/uploads/2022/04/Anselm-Kiefer.jpg","contentUrl":"https://www.icon-icon.com/wp-content/uploads/2022/04/Anselm-Kiefer.jpg","width":500,"height":500},{"@type":"BreadcrumbList","@id":"https://www.icon-icon.com/en/produit/anselm-kiefer-entre-mythe-et-concept-2/#breadcrumb","itemListElement":[{"@type":"ListItem","position":1,"name":"Accueil","item":"https://www.icon-icon.com/en/"},{"@type":"ListItem","position":2,"name":"Shop","item":"https://www.icon-icon.com/en/shop-2/"},{"@type":"ListItem","position":3,"name":"Anselm Kiefer- Entre mythe et concept"}]},{"@type":"WebSite","@id":"https://www.icon-icon.com/#website","url":"https://www.icon-icon.com/","name":"ICON-ICON","description":"Luxury Stories","potentialAction":[{"@type":"SearchAction","target":{"@type":"EntryPoint","urlTemplate":"https://www.icon-icon.com/?s={search_term_string}"},"query-input":{"@type":"PropertyValueSpecification","valueRequired":true,"valueName":"search_term_string"}}],"inLanguage":"en-US"}]}</script>
<!-- / Yoast SEO plugin. -->

Icon-Icon Opinion : This is the second monograph to be published that brings together the work of Anselm Kiefer- the first plastic artist appointed holder of the chair of artistic creation at the Collège de France! Author : Dominique Baqué Title : Entre mythe et concept Publishing House : Éditions du Regard Release date : September 2015 To date, there is only one monograph by Anselm Kiefer, that of Daniel Arasse published fifteen years ago at Editions du Regard, translated into English and German, and which has been the subject of numerous reissues, notably in paperback. This second monograph is therefore necessary if we consider the development of the work of Kiefer - the first plastic artist appointed holder of the chair of artistic creation at the Collège de France - and the major exhibitions dedicated to him in recent years: "Chevirat Ha-Kelim" at the Salpêtrière chapel in 2000, Monumenta 2007 and the important retrospective of the Royal Academy of Arts in London held in autumn 2014.
