


{"id":74471,"date":"2022-03-24T15:57:17","date_gmt":"2022-04-07T09:50:43","guid":{"rendered":"https:\/\/www.icon-icon.com\/produit\/tour-de-belem\/"},"modified":"2022-04-07T14:07:16","modified_gmt":"2022-04-07T12:07:16","slug":"tour-de-belem","status":"publish","type":"product","link":"https:\/\/www.icon-icon.com\/en\/produit\/tour-de-belem\/","title":{"rendered":"Bel\u00e9m Tower"},"content":{"rendered":"","protected":false},"excerpt":{"rendered":"<p class=\"p1\"><b>Icon-Icon Opinion :<\/b><\/p>\n<p class=\"p1\"><span style=\"font-family: Arial;\">Symbol of the great discoveries and an unmodified vestige of the terrible earthquake of 1755 that has destroyed almost all of Lisbon, the Tower of Bel\u00e9m is an icon of Portugal! <\/span><\/p>\n<p class=\"p1\"><b>Attraction : <\/b><span style=\"font-family: Arial;\">Bel\u00e9m Tower<\/span><\/p>\n<p class=\"p1\"><b>Adress : <\/b>Av. Bras\u00edlia, 1400-038 Lisboa, Portugal<\/p>\n<p><strong>Contacts :<\/strong><\/p>\n<p>For any request for information, contact the teams by phone at <a href=\"https:\/\/www.google.com\/search?q=tour+de+bel%C3%A9m+lisbonne&amp;client=safari&amp;bih=730&amp;biw=1177&amp;hl=fr&amp;sxsrf=APq-WBt7jIoj7R2yfaJeJn4SBH47r_zJCQ%3A1648133522207&amp;source=hp&amp;ei=koU8Ys7QCsmkabrRm8AD&amp;iflsig=AHkkrS4AAAAAYjyTolejjSNHiO3Ro1qiGCFCecxBS_4G&amp;gs_ssp=eJzj4tTP1TcwTU-qMDNgtFIxqEgxTE1OMjFKNk42skw2SbIyqDA2MDBKSU5MSU4zNTI1NE7zEi_JLy1SSElVSErNObwyVyEnszgpPy8vFQAouBeQ&amp;oq=%C2%A0Tour+de+Bel%C3%A9m&amp;gs_lcp=Cgdnd3Mtd2l6EAEYADIQCC4QgAQQhwIQxwEQrwEQFDIFCAAQgAQyBQgAEIAEMgUIABCABDIFCAAQgAQyBQgAEIAEMgUIABCABDIFCAAQgAQyBQgAEIAEMgUIABCABFAAWABggQ1oAHAAeACAAUyIAUySAQExmAEAoAECoAEB&amp;sclient=gws-wiz#\" data-dtype=\"d3ph\" data-local-attribute=\"d3ph\" data-ved=\"2ahUKEwiO1sTq_972AhWux4UKHRGjC7wQkAgoAHoECDoQAw\"><span aria-label=\"Appeler le +351 21 362 0034\">+351 21 362 0034<\/span><\/a><\/p>\n","protected":false},"featured_media":73561,"template":"","meta":{"_acf_changed":false},"product_brand":[],"product_cat":[25963,30012,28901],"product_tag":[28709,30558,30559,31096],"class_list":{"0":"post-74471","1":"product","2":"type-product","3":"status-publish","4":"has-post-thumbnail","6":"product_cat-destinations-en","7":"product_cat-lisboa-en","8":"product_cat-must-see-places","9":"product_tag-experience-en","10":"product_tag-lisbon-en","11":"product_tag-portugal-en","12":"product_tag-tour-de-belem-en","14":"first","15":"instock","16":"product-type-external"},"acf":[],"yoast_head":"<!-- This site is optimized with the Yoast SEO plugin v27.2 - https:\/\/yoast.com\/product\/yoast-seo-wordpress\/ -->\n<title>Bel\u00e9m Tower - ICON-ICON<\/title>\n<meta name=\"robots\" content=\"index, follow, max-snippet:-1, max-image-preview:large, max-video-preview:-1\" \/>\n<link rel=\"canonical\" href=\"http:\/\/www.icon-icon.com\/en\/produit\/tour-de-belem\/\" \/>\n<meta property=\"og:locale\" content=\"en_US\" \/>\n<meta property=\"og:type\" content=\"article\" \/>\n<meta property=\"og:title\" content=\"Bel\u00e9m Tower - ICON-ICON\" \/>\n<meta property=\"og:description\" content=\"Icon-Icon Opinion : Symbol of the great discoveries and an unmodified vestige of the terrible earthquake of 1755 that has destroyed almost all of Lisbon, the Tower of Bel\u00e9m is an icon of Portugal! Attraction : Bel\u00e9m Tower Adress : Av. Bras\u00edlia, 1400-038 Lisboa, Portugal Contacts : For any request for information, contact the teams by phone at +351 21 362 0034\" \/>\n<meta property=\"og:url\" content=\"http:\/\/www.icon-icon.com\/en\/produit\/tour-de-belem\/\" \/>\n<meta property=\"og:site_name\" content=\"ICON-ICON\" \/>\n<meta property=\"article:modified_time\" content=\"2022-04-07T12:07:16+00:00\" \/>\n<meta property=\"og:image\" content=\"http:\/\/www.icon-icon.com\/wp-content\/uploads\/2022\/03\/Torre_Belem_Lisboa.jpg\" \/>\n\t<meta property=\"og:image:width\" content=\"500\" \/>\n\t<meta property=\"og:image:height\" content=\"500\" \/>\n\t<meta property=\"og:image:type\" content=\"image\/jpeg\" \/>\n<meta name=\"twitter:card\" content=\"summary_large_image\" \/>\n<script type=\"application\/ld+json\" class=\"yoast-schema-graph\">{\"@context\":\"https:\/\/schema.org\",\"@graph\":[{\"@type\":\"WebPage\",\"@id\":\"http:\/\/www.icon-icon.com\/en\/produit\/tour-de-belem\/\",\"url\":\"http:\/\/www.icon-icon.com\/en\/produit\/tour-de-belem\/\",\"name\":\"Bel\u00e9m Tower - ICON-ICON\",\"isPartOf\":{\"@id\":\"https:\/\/www.icon-icon.com\/#website\"},\"primaryImageOfPage\":{\"@id\":\"http:\/\/www.icon-icon.com\/en\/produit\/tour-de-belem\/#primaryimage\"},\"image\":{\"@id\":\"http:\/\/www.icon-icon.com\/en\/produit\/tour-de-belem\/#primaryimage\"},\"thumbnailUrl\":\"https:\/\/www.icon-icon.com\/wp-content\/uploads\/2022\/03\/Torre_Belem_Lisboa.jpg\",\"datePublished\":\"2022-04-07T09:50:43+00:00\",\"dateModified\":\"2022-04-07T12:07:16+00:00\",\"breadcrumb\":{\"@id\":\"http:\/\/www.icon-icon.com\/en\/produit\/tour-de-belem\/#breadcrumb\"},\"inLanguage\":\"en-US\",\"potentialAction\":[{\"@type\":\"ReadAction\",\"target\":[\"http:\/\/www.icon-icon.com\/en\/produit\/tour-de-belem\/\"]}]},{\"@type\":\"ImageObject\",\"inLanguage\":\"en-US\",\"@id\":\"http:\/\/www.icon-icon.com\/en\/produit\/tour-de-belem\/#primaryimage\",\"url\":\"https:\/\/www.icon-icon.com\/wp-content\/uploads\/2022\/03\/Torre_Belem_Lisboa.jpg\",\"contentUrl\":\"https:\/\/www.icon-icon.com\/wp-content\/uploads\/2022\/03\/Torre_Belem_Lisboa.jpg\",\"width\":500,\"height\":500},{\"@type\":\"BreadcrumbList\",\"@id\":\"http:\/\/www.icon-icon.com\/en\/produit\/tour-de-belem\/#breadcrumb\",\"itemListElement\":[{\"@type\":\"ListItem\",\"position\":1,\"name\":\"Accueil\",\"item\":\"https:\/\/www.icon-icon.com\/en\/\"},{\"@type\":\"ListItem\",\"position\":2,\"name\":\"Shop\",\"item\":\"https:\/\/www.icon-icon.com\/en\/shop-2\/\"},{\"@type\":\"ListItem\",\"position\":3,\"name\":\"Bel\u00e9m Tower\"}]},{\"@type\":\"WebSite\",\"@id\":\"https:\/\/www.icon-icon.com\/#website\",\"url\":\"https:\/\/www.icon-icon.com\/\",\"name\":\"ICON-ICON\",\"description\":\"Luxury Stories\",\"potentialAction\":[{\"@type\":\"SearchAction\",\"target\":{\"@type\":\"EntryPoint\",\"urlTemplate\":\"https:\/\/www.icon-icon.com\/?s={search_term_string}\"},\"query-input\":{\"@type\":\"PropertyValueSpecification\",\"valueRequired\":true,\"valueName\":\"search_term_string\"}}],\"inLanguage\":\"en-US\"}]}<\/script>\n<!-- \/ Yoast SEO plugin. -->","yoast_head_json":{"title":"Bel\u00e9m Tower - ICON-ICON","robots":{"index":"index","follow":"follow","max-snippet":"max-snippet:-1","max-image-preview":"max-image-preview:large","max-video-preview":"max-video-preview:-1"},"canonical":"http:\/\/www.icon-icon.com\/en\/produit\/tour-de-belem\/","og_locale":"en_US","og_type":"article","og_title":"Bel\u00e9m Tower - ICON-ICON","og_description":"Icon-Icon Opinion : Symbol of the great discoveries and an unmodified vestige of the terrible earthquake of 1755 that has destroyed almost all of Lisbon, the Tower of Bel\u00e9m is an icon of Portugal! Attraction : Bel\u00e9m Tower Adress : Av. Bras\u00edlia, 1400-038 Lisboa, Portugal Contacts : For any request for information, contact the teams by phone at +351 21 362 0034","og_url":"http:\/\/www.icon-icon.com\/en\/produit\/tour-de-belem\/","og_site_name":"ICON-ICON","article_modified_time":"2022-04-07T12:07:16+00:00","og_image":[{"width":500,"height":500,"url":"http:\/\/www.icon-icon.com\/wp-content\/uploads\/2022\/03\/Torre_Belem_Lisboa.jpg","type":"image\/jpeg"}],"twitter_card":"summary_large_image","schema":{"@context":"https:\/\/schema.org","@graph":[{"@type":"WebPage","@id":"http:\/\/www.icon-icon.com\/en\/produit\/tour-de-belem\/","url":"http:\/\/www.icon-icon.com\/en\/produit\/tour-de-belem\/","name":"Bel\u00e9m Tower - ICON-ICON","isPartOf":{"@id":"https:\/\/www.icon-icon.com\/#website"},"primaryImageOfPage":{"@id":"http:\/\/www.icon-icon.com\/en\/produit\/tour-de-belem\/#primaryimage"},"image":{"@id":"http:\/\/www.icon-icon.com\/en\/produit\/tour-de-belem\/#primaryimage"},"thumbnailUrl":"https:\/\/www.icon-icon.com\/wp-content\/uploads\/2022\/03\/Torre_Belem_Lisboa.jpg","datePublished":"2022-04-07T09:50:43+00:00","dateModified":"2022-04-07T12:07:16+00:00","breadcrumb":{"@id":"http:\/\/www.icon-icon.com\/en\/produit\/tour-de-belem\/#breadcrumb"},"inLanguage":"en-US","potentialAction":[{"@type":"ReadAction","target":["http:\/\/www.icon-icon.com\/en\/produit\/tour-de-belem\/"]}]},{"@type":"ImageObject","inLanguage":"en-US","@id":"http:\/\/www.icon-icon.com\/en\/produit\/tour-de-belem\/#primaryimage","url":"https:\/\/www.icon-icon.com\/wp-content\/uploads\/2022\/03\/Torre_Belem_Lisboa.jpg","contentUrl":"https:\/\/www.icon-icon.com\/wp-content\/uploads\/2022\/03\/Torre_Belem_Lisboa.jpg","width":500,"height":500},{"@type":"BreadcrumbList","@id":"http:\/\/www.icon-icon.com\/en\/produit\/tour-de-belem\/#breadcrumb","itemListElement":[{"@type":"ListItem","position":1,"name":"Accueil","item":"https:\/\/www.icon-icon.com\/en\/"},{"@type":"ListItem","position":2,"name":"Shop","item":"https:\/\/www.icon-icon.com\/en\/shop-2\/"},{"@type":"ListItem","position":3,"name":"Bel\u00e9m Tower"}]},{"@type":"WebSite","@id":"https:\/\/www.icon-icon.com\/#website","url":"https:\/\/www.icon-icon.com\/","name":"ICON-ICON","description":"Luxury Stories","potentialAction":[{"@type":"SearchAction","target":{"@type":"EntryPoint","urlTemplate":"https:\/\/www.icon-icon.com\/?s={search_term_string}"},"query-input":{"@type":"PropertyValueSpecification","valueRequired":true,"valueName":"search_term_string"}}],"inLanguage":"en-US"}]}},"_links":{"self":[{"href":"https:\/\/www.icon-icon.com\/en\/wp-json\/wp\/v2\/product\/74471","targetHints":{"allow":["GET"]}}],"collection":[{"href":"https:\/\/www.icon-icon.com\/en\/wp-json\/wp\/v2\/product"}],"about":[{"href":"https:\/\/www.icon-icon.com\/en\/wp-json\/wp\/v2\/types\/product"}],"wp:featuredmedia":[{"embeddable":true,"href":"https:\/\/www.icon-icon.com\/en\/wp-json\/wp\/v2\/media\/73561"}],"wp:attachment":[{"href":"https:\/\/www.icon-icon.com\/en\/wp-json\/wp\/v2\/media?parent=74471"}],"wp:term":[{"taxonomy":"product_brand","embeddable":true,"href":"https:\/\/www.icon-icon.com\/en\/wp-json\/wp\/v2\/product_brand?post=74471"},{"taxonomy":"product_cat","embeddable":true,"href":"https:\/\/www.icon-icon.com\/en\/wp-json\/wp\/v2\/product_cat?post=74471"},{"taxonomy":"product_tag","embeddable":true,"href":"https:\/\/www.icon-icon.com\/en\/wp-json\/wp\/v2\/product_tag?post=74471"}],"curies":[{"name":"wp","href":"https:\/\/api.w.org\/{rel}","templated":true}]}}

Belém Tower

<p class="p1"><b>Icon-Icon Opinion :</b></p>
<p class="p1"><span style="font-family: Arial;">Symbol of the great discoveries and an unmodified vestige of the terrible earthquake of 1755 that has destroyed almost all of Lisbon, the Tower of Belém is an icon of Portugal! </span></p>
<p class="p1"><b>Attraction : </b><span style="font-family: Arial;">Belém Tower</span></p>
<p class="p1"><b>Adress : </b>Av. Brasília, 1400-038 Lisboa, Portugal</p>
<p><strong>Contacts :</strong></p>
<p>For any request for information, contact the teams by phone at <a href="https://www.google.com/search?q=tour+de+bel%C3%A9m+lisbonne&amp;client=safari&amp;bih=730&amp;biw=1177&amp;hl=fr&amp;sxsrf=APq-WBt7jIoj7R2yfaJeJn4SBH47r_zJCQ%3A1648133522207&amp;source=hp&amp;ei=koU8Ys7QCsmkabrRm8AD&amp;iflsig=AHkkrS4AAAAAYjyTolejjSNHiO3Ro1qiGCFCecxBS_4G&amp;gs_ssp=eJzj4tTP1TcwTU-qMDNgtFIxqEgxTE1OMjFKNk42skw2SbIyqDA2MDBKSU5MSU4zNTI1NE7zEi_JLy1SSElVSErNObwyVyEnszgpPy8vFQAouBeQ&amp;oq=%C2%A0Tour+de+Bel%C3%A9m&amp;gs_lcp=Cgdnd3Mtd2l6EAEYADIQCC4QgAQQhwIQxwEQrwEQFDIFCAAQgAQyBQgAEIAEMgUIABCABDIFCAAQgAQyBQgAEIAEMgUIABCABDIFCAAQgAQyBQgAEIAEMgUIABCABFAAWABggQ1oAHAAeACAAUyIAUySAQExmAEAoAECoAEB&amp;sclient=gws-wiz#" data-dtype="d3ph" data-local-attribute="d3ph" data-ved="2ahUKEwiO1sTq_972AhWux4UKHRGjC7wQkAgoAHoECDoQAw"><span aria-label="Appeler le +351 21 362 0034">+351 21 362 0034</span></a></p>

<!-- This site is optimized with the Yoast SEO plugin v27.2 - https://yoast.com/product/yoast-seo-wordpress/ -->
<title>Belém Tower - ICON-ICON</title>
<meta name="robots" content="index, follow, max-snippet:-1, max-image-preview:large, max-video-preview:-1" />
<link rel="canonical" href="http://www.icon-icon.com/en/produit/tour-de-belem/" />
<meta property="og:locale" content="en_US" />
<meta property="og:type" content="article" />
<meta property="og:title" content="Belém Tower - ICON-ICON" />
<meta property="og:description" content="Icon-Icon Opinion : Symbol of the great discoveries and an unmodified vestige of the terrible earthquake of 1755 that has destroyed almost all of Lisbon, the Tower of Belém is an icon of Portugal! Attraction : Belém Tower Adress : Av. Brasília, 1400-038 Lisboa, Portugal Contacts : For any request for information, contact the teams by phone at +351 21 362 0034" />
<meta property="og:url" content="http://www.icon-icon.com/en/produit/tour-de-belem/" />
<meta property="og:site_name" content="ICON-ICON" />
<meta property="article:modified_time" content="2022-04-07T12:07:16+00:00" />
<meta property="og:image" content="http://www.icon-icon.com/wp-content/uploads/2022/03/Torre_Belem_Lisboa.jpg" />
	<meta property="og:image:width" content="500" />
	<meta property="og:image:height" content="500" />
	<meta property="og:image:type" content="image/jpeg" />
<meta name="twitter:card" content="summary_large_image" />
<script type="application/ld+json" class="yoast-schema-graph">{"@context":"https://schema.org","@graph":[{"@type":"WebPage","@id":"http://www.icon-icon.com/en/produit/tour-de-belem/","url":"http://www.icon-icon.com/en/produit/tour-de-belem/","name":"Belém Tower - ICON-ICON","isPartOf":{"@id":"https://www.icon-icon.com/#website"},"primaryImageOfPage":{"@id":"http://www.icon-icon.com/en/produit/tour-de-belem/#primaryimage"},"image":{"@id":"http://www.icon-icon.com/en/produit/tour-de-belem/#primaryimage"},"thumbnailUrl":"https://www.icon-icon.com/wp-content/uploads/2022/03/Torre_Belem_Lisboa.jpg","datePublished":"2022-04-07T09:50:43+00:00","dateModified":"2022-04-07T12:07:16+00:00","breadcrumb":{"@id":"http://www.icon-icon.com/en/produit/tour-de-belem/#breadcrumb"},"inLanguage":"en-US","potentialAction":[{"@type":"ReadAction","target":["http://www.icon-icon.com/en/produit/tour-de-belem/"]}]},{"@type":"ImageObject","inLanguage":"en-US","@id":"http://www.icon-icon.com/en/produit/tour-de-belem/#primaryimage","url":"https://www.icon-icon.com/wp-content/uploads/2022/03/Torre_Belem_Lisboa.jpg","contentUrl":"https://www.icon-icon.com/wp-content/uploads/2022/03/Torre_Belem_Lisboa.jpg","width":500,"height":500},{"@type":"BreadcrumbList","@id":"http://www.icon-icon.com/en/produit/tour-de-belem/#breadcrumb","itemListElement":[{"@type":"ListItem","position":1,"name":"Accueil","item":"https://www.icon-icon.com/en/"},{"@type":"ListItem","position":2,"name":"Shop","item":"https://www.icon-icon.com/en/shop-2/"},{"@type":"ListItem","position":3,"name":"Belém Tower"}]},{"@type":"WebSite","@id":"https://www.icon-icon.com/#website","url":"https://www.icon-icon.com/","name":"ICON-ICON","description":"Luxury Stories","potentialAction":[{"@type":"SearchAction","target":{"@type":"EntryPoint","urlTemplate":"https://www.icon-icon.com/?s={search_term_string}"},"query-input":{"@type":"PropertyValueSpecification","valueRequired":true,"valueName":"search_term_string"}}],"inLanguage":"en-US"}]}</script>
<!-- / Yoast SEO plugin. -->

Belém Tower - ICON-ICON

Icon-Icon Opinion : Symbol of the great discoveries and an unmodified vestige of the terrible earthquake of 1755 that has destroyed almost all of Lisbon, the Tower of Belém is an icon of Portugal! Attraction : Belém Tower Adress : Av. Brasília, 1400-038 Lisboa, Portugal Contacts : For any request for information, contact the teams by phone at +351 21 362 0034
