


{"id":50823,"date":"2021-07-21T14:54:33","date_gmt":"2021-07-21T12:55:42","guid":{"rendered":"https:\/\/www.icon-icon.com\/?post_type=product&#038;p=50823"},"modified":"2021-07-28T08:14:54","modified_gmt":"2021-07-28T06:14:54","slug":"dior-and-i","status":"publish","type":"product","link":"https:\/\/www.icon-icon.com\/en\/produit\/dior-and-i\/","title":{"rendered":"Dior and I"},"content":{"rendered":"<p>A radical view and a more than essential documentary on the brief but epic story of Raf Simons working for Dior. In 2012, he was appointed creative director and was asked to organise his very first high fashion show in only eight weeks, whereas it usually requires five or six months!<\/p>\n","protected":false},"excerpt":{"rendered":"<p><b>Director<\/b>: Fr\u00e9d\u00e9ric Tcheng<\/p>\n<p><b>Studio<\/b>: CIM Productions<\/p>\n<p><b>Release Date<\/b>: 2014<\/p>\n<p><b>Duration<\/b>: 1h30<\/p>\n<p>Appointed artistic director of the house of Dior in April 2012, following the hasty departure of John Galliano, Belgian designer Raf Simons has only eight weeks to launch his first haute couture collection. The challenge turns out to be a collective adventure, full of humor and emotion, around the passion of a profession and in the service of the vision of an atypical designer, who shuns the spotlight. Far from the clich\u00e9s inherent to a world where the catwalk and eccentricities often have the upper hand, Fr\u00e9d\u00e9ric Tcheng&#8217;s attentive camera delivers an endearing and colorful portrait of the little hands and collaborators of one of the most legendary French fashion houses.<\/p>\n<p><b>Price<\/b>: Rent $3,99 \/ Buy $9,99<\/p>\n","protected":false},"featured_media":63604,"template":"","meta":{"_acf_changed":false},"product_brand":[],"product_cat":[21706,21678],"product_tag":[22284],"class_list":{"0":"post-50823","1":"product","2":"type-product","3":"status-publish","4":"has-post-thumbnail","6":"product_cat-behind-the-shows","7":"product_cat-documentaries-en","8":"product_tag-luxury-en","10":"first","11":"instock","12":"product-type-external"},"acf":[],"yoast_head":"<!-- This site is optimized with the Yoast SEO plugin v27.2 - https:\/\/yoast.com\/product\/yoast-seo-wordpress\/ -->\n<title>Dior and I - ICON-ICON<\/title>\n<meta name=\"robots\" content=\"index, follow, max-snippet:-1, max-image-preview:large, max-video-preview:-1\" \/>\n<link rel=\"canonical\" href=\"https:\/\/www.icon-icon.com\/en\/produit\/dior-and-i\/\" \/>\n<meta property=\"og:locale\" content=\"en_US\" \/>\n<meta property=\"og:type\" content=\"article\" \/>\n<meta property=\"og:title\" content=\"Dior and I - ICON-ICON\" \/>\n<meta property=\"og:description\" content=\"Director: Fr\u00e9d\u00e9ric Tcheng  Studio: CIM Productions  Release Date: 2014  Duration: 1h30  Appointed artistic director of the house of Dior in April 2012, following the hasty departure of John Galliano, Belgian designer Raf Simons has only eight weeks to launch his first haute couture collection. The challenge turns out to be a collective adventure, full of humor and emotion, around the passion of a profession and in the service of the vision of an atypical designer, who shuns the spotlight. Far from the clich\u00e9s inherent to a world where the catwalk and eccentricities often have the upper hand, Fr\u00e9d\u00e9ric Tcheng&#039;s attentive camera delivers an endearing and colorful portrait of the little hands and collaborators of one of the most legendary French fashion houses.  Price: Rent $3,99 \/ Buy $9,99\" \/>\n<meta property=\"og:url\" content=\"https:\/\/www.icon-icon.com\/en\/produit\/dior-and-i\/\" \/>\n<meta property=\"og:site_name\" content=\"ICON-ICON\" \/>\n<meta property=\"article:modified_time\" content=\"2021-07-28T06:14:54+00:00\" \/>\n<meta property=\"og:image\" content=\"https:\/\/www.icon-icon.com\/wp-content\/uploads\/2021\/07\/Fre\u0301de\u0301ric-Tcheng-scaled.jpg\" \/>\n\t<meta property=\"og:image:width\" content=\"2558\" \/>\n\t<meta property=\"og:image:height\" content=\"2560\" \/>\n\t<meta property=\"og:image:type\" content=\"image\/jpeg\" \/>\n<meta name=\"twitter:card\" content=\"summary_large_image\" \/>\n<meta name=\"twitter:label1\" content=\"Est. reading time\" \/>\n\t<meta name=\"twitter:data1\" content=\"1 minute\" \/>\n<script type=\"application\/ld+json\" class=\"yoast-schema-graph\">{\"@context\":\"https:\/\/schema.org\",\"@graph\":[{\"@type\":\"WebPage\",\"@id\":\"https:\/\/www.icon-icon.com\/en\/produit\/dior-and-i\/\",\"url\":\"https:\/\/www.icon-icon.com\/en\/produit\/dior-and-i\/\",\"name\":\"Dior and I - ICON-ICON\",\"isPartOf\":{\"@id\":\"https:\/\/www.icon-icon.com\/#website\"},\"primaryImageOfPage\":{\"@id\":\"https:\/\/www.icon-icon.com\/en\/produit\/dior-and-i\/#primaryimage\"},\"image\":{\"@id\":\"https:\/\/www.icon-icon.com\/en\/produit\/dior-and-i\/#primaryimage\"},\"thumbnailUrl\":\"https:\/\/www.icon-icon.com\/wp-content\/uploads\/2021\/07\/Fre\u0301de\u0301ric-Tcheng-scaled.jpg\",\"datePublished\":\"2021-07-21T12:55:42+00:00\",\"dateModified\":\"2021-07-28T06:14:54+00:00\",\"breadcrumb\":{\"@id\":\"https:\/\/www.icon-icon.com\/en\/produit\/dior-and-i\/#breadcrumb\"},\"inLanguage\":\"en-US\",\"potentialAction\":[{\"@type\":\"ReadAction\",\"target\":[\"https:\/\/www.icon-icon.com\/en\/produit\/dior-and-i\/\"]}]},{\"@type\":\"ImageObject\",\"inLanguage\":\"en-US\",\"@id\":\"https:\/\/www.icon-icon.com\/en\/produit\/dior-and-i\/#primaryimage\",\"url\":\"https:\/\/www.icon-icon.com\/wp-content\/uploads\/2021\/07\/Fre\u0301de\u0301ric-Tcheng-scaled.jpg\",\"contentUrl\":\"https:\/\/www.icon-icon.com\/wp-content\/uploads\/2021\/07\/Fre\u0301de\u0301ric-Tcheng-scaled.jpg\",\"width\":2558,\"height\":2560},{\"@type\":\"BreadcrumbList\",\"@id\":\"https:\/\/www.icon-icon.com\/en\/produit\/dior-and-i\/#breadcrumb\",\"itemListElement\":[{\"@type\":\"ListItem\",\"position\":1,\"name\":\"Accueil\",\"item\":\"https:\/\/www.icon-icon.com\/en\/\"},{\"@type\":\"ListItem\",\"position\":2,\"name\":\"Shop\",\"item\":\"https:\/\/www.icon-icon.com\/en\/shop-2\/\"},{\"@type\":\"ListItem\",\"position\":3,\"name\":\"Dior and I\"}]},{\"@type\":\"WebSite\",\"@id\":\"https:\/\/www.icon-icon.com\/#website\",\"url\":\"https:\/\/www.icon-icon.com\/\",\"name\":\"ICON-ICON\",\"description\":\"Luxury Stories\",\"potentialAction\":[{\"@type\":\"SearchAction\",\"target\":{\"@type\":\"EntryPoint\",\"urlTemplate\":\"https:\/\/www.icon-icon.com\/?s={search_term_string}\"},\"query-input\":{\"@type\":\"PropertyValueSpecification\",\"valueRequired\":true,\"valueName\":\"search_term_string\"}}],\"inLanguage\":\"en-US\"}]}<\/script>\n<!-- \/ Yoast SEO plugin. -->","yoast_head_json":{"title":"Dior and I - ICON-ICON","robots":{"index":"index","follow":"follow","max-snippet":"max-snippet:-1","max-image-preview":"max-image-preview:large","max-video-preview":"max-video-preview:-1"},"canonical":"https:\/\/www.icon-icon.com\/en\/produit\/dior-and-i\/","og_locale":"en_US","og_type":"article","og_title":"Dior and I - ICON-ICON","og_description":"Director: Fr\u00e9d\u00e9ric Tcheng  Studio: CIM Productions  Release Date: 2014  Duration: 1h30  Appointed artistic director of the house of Dior in April 2012, following the hasty departure of John Galliano, Belgian designer Raf Simons has only eight weeks to launch his first haute couture collection. The challenge turns out to be a collective adventure, full of humor and emotion, around the passion of a profession and in the service of the vision of an atypical designer, who shuns the spotlight. Far from the clich\u00e9s inherent to a world where the catwalk and eccentricities often have the upper hand, Fr\u00e9d\u00e9ric Tcheng's attentive camera delivers an endearing and colorful portrait of the little hands and collaborators of one of the most legendary French fashion houses.  Price: Rent $3,99 \/ Buy $9,99","og_url":"https:\/\/www.icon-icon.com\/en\/produit\/dior-and-i\/","og_site_name":"ICON-ICON","article_modified_time":"2021-07-28T06:14:54+00:00","og_image":[{"width":2558,"height":2560,"url":"https:\/\/www.icon-icon.com\/wp-content\/uploads\/2021\/07\/Fre\u0301de\u0301ric-Tcheng-scaled.jpg","type":"image\/jpeg"}],"twitter_card":"summary_large_image","twitter_misc":{"Est. reading time":"1 minute"},"schema":{"@context":"https:\/\/schema.org","@graph":[{"@type":"WebPage","@id":"https:\/\/www.icon-icon.com\/en\/produit\/dior-and-i\/","url":"https:\/\/www.icon-icon.com\/en\/produit\/dior-and-i\/","name":"Dior and I - ICON-ICON","isPartOf":{"@id":"https:\/\/www.icon-icon.com\/#website"},"primaryImageOfPage":{"@id":"https:\/\/www.icon-icon.com\/en\/produit\/dior-and-i\/#primaryimage"},"image":{"@id":"https:\/\/www.icon-icon.com\/en\/produit\/dior-and-i\/#primaryimage"},"thumbnailUrl":"https:\/\/www.icon-icon.com\/wp-content\/uploads\/2021\/07\/Fre\u0301de\u0301ric-Tcheng-scaled.jpg","datePublished":"2021-07-21T12:55:42+00:00","dateModified":"2021-07-28T06:14:54+00:00","breadcrumb":{"@id":"https:\/\/www.icon-icon.com\/en\/produit\/dior-and-i\/#breadcrumb"},"inLanguage":"en-US","potentialAction":[{"@type":"ReadAction","target":["https:\/\/www.icon-icon.com\/en\/produit\/dior-and-i\/"]}]},{"@type":"ImageObject","inLanguage":"en-US","@id":"https:\/\/www.icon-icon.com\/en\/produit\/dior-and-i\/#primaryimage","url":"https:\/\/www.icon-icon.com\/wp-content\/uploads\/2021\/07\/Fre\u0301de\u0301ric-Tcheng-scaled.jpg","contentUrl":"https:\/\/www.icon-icon.com\/wp-content\/uploads\/2021\/07\/Fre\u0301de\u0301ric-Tcheng-scaled.jpg","width":2558,"height":2560},{"@type":"BreadcrumbList","@id":"https:\/\/www.icon-icon.com\/en\/produit\/dior-and-i\/#breadcrumb","itemListElement":[{"@type":"ListItem","position":1,"name":"Accueil","item":"https:\/\/www.icon-icon.com\/en\/"},{"@type":"ListItem","position":2,"name":"Shop","item":"https:\/\/www.icon-icon.com\/en\/shop-2\/"},{"@type":"ListItem","position":3,"name":"Dior and I"}]},{"@type":"WebSite","@id":"https:\/\/www.icon-icon.com\/#website","url":"https:\/\/www.icon-icon.com\/","name":"ICON-ICON","description":"Luxury Stories","potentialAction":[{"@type":"SearchAction","target":{"@type":"EntryPoint","urlTemplate":"https:\/\/www.icon-icon.com\/?s={search_term_string}"},"query-input":{"@type":"PropertyValueSpecification","valueRequired":true,"valueName":"search_term_string"}}],"inLanguage":"en-US"}]}},"_links":{"self":[{"href":"https:\/\/www.icon-icon.com\/en\/wp-json\/wp\/v2\/product\/50823","targetHints":{"allow":["GET"]}}],"collection":[{"href":"https:\/\/www.icon-icon.com\/en\/wp-json\/wp\/v2\/product"}],"about":[{"href":"https:\/\/www.icon-icon.com\/en\/wp-json\/wp\/v2\/types\/product"}],"wp:featuredmedia":[{"embeddable":true,"href":"https:\/\/www.icon-icon.com\/en\/wp-json\/wp\/v2\/media\/63604"}],"wp:attachment":[{"href":"https:\/\/www.icon-icon.com\/en\/wp-json\/wp\/v2\/media?parent=50823"}],"wp:term":[{"taxonomy":"product_brand","embeddable":true,"href":"https:\/\/www.icon-icon.com\/en\/wp-json\/wp\/v2\/product_brand?post=50823"},{"taxonomy":"product_cat","embeddable":true,"href":"https:\/\/www.icon-icon.com\/en\/wp-json\/wp\/v2\/product_cat?post=50823"},{"taxonomy":"product_tag","embeddable":true,"href":"https:\/\/www.icon-icon.com\/en\/wp-json\/wp\/v2\/product_tag?post=50823"}],"curies":[{"name":"wp","href":"https:\/\/api.w.org\/{rel}","templated":true}]}}

<p><b>Director</b>: Frédéric Tcheng</p>
<p><b>Studio</b>: CIM Productions</p>
<p><b>Release Date</b>: 2014</p>
<p><b>Duration</b>: 1h30</p>
<p>Appointed artistic director of the house of Dior in April 2012, following the hasty departure of John Galliano, Belgian designer Raf Simons has only eight weeks to launch his first haute couture collection. The challenge turns out to be a collective adventure, full of humor and emotion, around the passion of a profession and in the service of the vision of an atypical designer, who shuns the spotlight. Far from the clichés inherent to a world where the catwalk and eccentricities often have the upper hand, Frédéric Tcheng&#8217;s attentive camera delivers an endearing and colorful portrait of the little hands and collaborators of one of the most legendary French fashion houses.</p>
<p><b>Price</b>: Rent $3,99 / Buy $9,99</p>

<!-- This site is optimized with the Yoast SEO plugin v27.2 - https://yoast.com/product/yoast-seo-wordpress/ -->
<title>Dior and I - ICON-ICON</title>
<meta name="robots" content="index, follow, max-snippet:-1, max-image-preview:large, max-video-preview:-1" />
<link rel="canonical" href="https://www.icon-icon.com/en/produit/dior-and-i/" />
<meta property="og:locale" content="en_US" />
<meta property="og:type" content="article" />
<meta property="og:title" content="Dior and I - ICON-ICON" />
<meta property="og:description" content="Director: Frédéric Tcheng  Studio: CIM Productions  Release Date: 2014  Duration: 1h30  Appointed artistic director of the house of Dior in April 2012, following the hasty departure of John Galliano, Belgian designer Raf Simons has only eight weeks to launch his first haute couture collection. The challenge turns out to be a collective adventure, full of humor and emotion, around the passion of a profession and in the service of the vision of an atypical designer, who shuns the spotlight. Far from the clichés inherent to a world where the catwalk and eccentricities often have the upper hand, Frédéric Tcheng&#039;s attentive camera delivers an endearing and colorful portrait of the little hands and collaborators of one of the most legendary French fashion houses.  Price: Rent $3,99 / Buy $9,99" />
<meta property="og:url" content="https://www.icon-icon.com/en/produit/dior-and-i/" />
<meta property="og:site_name" content="ICON-ICON" />
<meta property="article:modified_time" content="2021-07-28T06:14:54+00:00" />
<meta property="og:image" content="https://www.icon-icon.com/wp-content/uploads/2021/07/Frédéric-Tcheng-scaled.jpg" />
	<meta property="og:image:width" content="2558" />
	<meta property="og:image:height" content="2560" />
	<meta property="og:image:type" content="image/jpeg" />
<meta name="twitter:card" content="summary_large_image" />
<meta name="twitter:label1" content="Est. reading time" />
	<meta name="twitter:data1" content="1 minute" />
<script type="application/ld+json" class="yoast-schema-graph">{"@context":"https://schema.org","@graph":[{"@type":"WebPage","@id":"https://www.icon-icon.com/en/produit/dior-and-i/","url":"https://www.icon-icon.com/en/produit/dior-and-i/","name":"Dior and I - ICON-ICON","isPartOf":{"@id":"https://www.icon-icon.com/#website"},"primaryImageOfPage":{"@id":"https://www.icon-icon.com/en/produit/dior-and-i/#primaryimage"},"image":{"@id":"https://www.icon-icon.com/en/produit/dior-and-i/#primaryimage"},"thumbnailUrl":"https://www.icon-icon.com/wp-content/uploads/2021/07/Frédéric-Tcheng-scaled.jpg","datePublished":"2021-07-21T12:55:42+00:00","dateModified":"2021-07-28T06:14:54+00:00","breadcrumb":{"@id":"https://www.icon-icon.com/en/produit/dior-and-i/#breadcrumb"},"inLanguage":"en-US","potentialAction":[{"@type":"ReadAction","target":["https://www.icon-icon.com/en/produit/dior-and-i/"]}]},{"@type":"ImageObject","inLanguage":"en-US","@id":"https://www.icon-icon.com/en/produit/dior-and-i/#primaryimage","url":"https://www.icon-icon.com/wp-content/uploads/2021/07/Frédéric-Tcheng-scaled.jpg","contentUrl":"https://www.icon-icon.com/wp-content/uploads/2021/07/Frédéric-Tcheng-scaled.jpg","width":2558,"height":2560},{"@type":"BreadcrumbList","@id":"https://www.icon-icon.com/en/produit/dior-and-i/#breadcrumb","itemListElement":[{"@type":"ListItem","position":1,"name":"Accueil","item":"https://www.icon-icon.com/en/"},{"@type":"ListItem","position":2,"name":"Shop","item":"https://www.icon-icon.com/en/shop-2/"},{"@type":"ListItem","position":3,"name":"Dior and I"}]},{"@type":"WebSite","@id":"https://www.icon-icon.com/#website","url":"https://www.icon-icon.com/","name":"ICON-ICON","description":"Luxury Stories","potentialAction":[{"@type":"SearchAction","target":{"@type":"EntryPoint","urlTemplate":"https://www.icon-icon.com/?s={search_term_string}"},"query-input":{"@type":"PropertyValueSpecification","valueRequired":true,"valueName":"search_term_string"}}],"inLanguage":"en-US"}]}</script>
<!-- / Yoast SEO plugin. -->

Director: Frédéric Tcheng  Studio: CIM Productions  Release Date: 2014  Duration: 1h30  Appointed artistic director of the house of Dior in April 2012, following the hasty departure of John Galliano, Belgian designer Raf Simons has only eight weeks to launch his first haute couture collection. The challenge turns out to be a collective adventure, full of humor and emotion, around the passion of a profession and in the service of the vision of an atypical designer, who shuns the spotlight. Far from the clichés inherent to a world where the catwalk and eccentricities often have the upper hand, Frédéric Tcheng's attentive camera delivers an endearing and colorful portrait of the little hands and collaborators of one of the most legendary French fashion houses.  Price: Rent $3,99 / Buy $9,99
