


{"id":50417,"date":"2021-07-16T10:33:40","date_gmt":"2021-07-16T08:33:40","guid":{"rendered":"https:\/\/www.icon-icon.com\/?post_type=product&#038;p=50417"},"modified":"2021-07-16T10:33:40","modified_gmt":"2021-07-16T08:33:40","slug":"napoleon-lexposition","status":"publish","type":"product","link":"https:\/\/www.icon-icon.com\/en\/produit\/napoleon-lexposition\/","title":{"rendered":"Napol\u00e9on : L&#8217;exposition"},"content":{"rendered":"","protected":false},"excerpt":{"rendered":"<p><strong>Date<\/strong>: from 28 May to 19 December 2021<\/p>\n<p><strong>Place<\/strong>: Grande Halle de la Villette, 211, Avenue Jean Jaur\u00e8s, Porte de Pantin, 75019 Paris<\/p>\n<p>\u00a0<strong>Prices<\/strong>: From 15\u20ac<\/p>\n<p>Admired as much as he was controversial, Napoleon Bonaparte was a highly complex character whose life oscillated between heroism and tragedy, victory and defeat, modern advances and regressive measures. To celebrate the 200th anniversary of his death, La Villette, La RMN &#8211; Grand Palais and RERE \/ Adonis are offering a spectacular exhibition that provides a fair and uncompromising portrait of a fascinating figure who shaped the France of today. After all, to know Napoleon is to understand the world in which we live. From his rise to the decline of the imperial adventure, the exhibition retraces this crucial period in nine sections, from key moments in French history to the intimate and romantic life of the emperor. The exceptional collaboration of the Louvre, the ch\u00e2teaux of Versailles, Fontainebleau and Malmaison, the Mus\u00e9e de l&#8217;Arm\u00e9e, the Mobilier National and the Fondation Napol\u00e9on has brought together more than 150 original pieces, assembled here for the first time. Masterpieces created during the Empire, exceptional objects that belonged to Napoleon and contemporary creations follow one another along a chronological and educational path. Vast reconstructions and numerous digital devices offer visitors a real immersion in the heart of these decisive moments in French history. A health pass is not required for this exhibition.<\/p>\n","protected":false},"featured_media":50416,"template":"","meta":{"_acf_changed":false},"product_brand":[],"product_cat":[21598,21611],"product_tag":[],"class_list":{"0":"post-50417","1":"product","2":"type-product","3":"status-publish","4":"has-post-thumbnail","6":"product_cat-events","7":"product_cat-improve-your-general-culture","9":"first","10":"instock","11":"product-type-external"},"acf":[],"yoast_head":"<!-- This site is optimized with the Yoast SEO plugin v27.2 - https:\/\/yoast.com\/product\/yoast-seo-wordpress\/ -->\n<title>Napol\u00e9on : L&#039;exposition - ICON-ICON<\/title>\n<meta name=\"robots\" content=\"index, follow, max-snippet:-1, max-image-preview:large, max-video-preview:-1\" \/>\n<link rel=\"canonical\" href=\"http:\/\/www.icon-icon.com\/en\/produit\/napoleon-lexposition\/\" \/>\n<meta property=\"og:locale\" content=\"en_US\" \/>\n<meta property=\"og:type\" content=\"article\" \/>\n<meta property=\"og:title\" content=\"Napol\u00e9on : L&#039;exposition - ICON-ICON\" \/>\n<meta property=\"og:description\" content=\"Date: from 28 May to 19 December 2021Place: Grande Halle de la Villette, 211, Avenue Jean Jaur\u00e8s, Porte de Pantin, 75019 Paris\u00a0Prices: From 15\u20acAdmired as much as he was controversial, Napoleon Bonaparte was a highly complex character whose life oscillated between heroism and tragedy, victory and defeat, modern advances and regressive measures. To celebrate the 200th anniversary of his death, La Villette, La RMN - Grand Palais and RERE \/ Adonis are offering a spectacular exhibition that provides a fair and uncompromising portrait of a fascinating figure who shaped the France of today. After all, to know Napoleon is to understand the world in which we live. From his rise to the decline of the imperial adventure, the exhibition retraces this crucial period in nine sections, from key moments in French history to the intimate and romantic life of the emperor. The exceptional collaboration of the Louvre, the ch\u00e2teaux of Versailles, Fontainebleau and Malmaison, the Mus\u00e9e de l&#039;Arm\u00e9e, the Mobilier National and the Fondation Napol\u00e9on has brought together more than 150 original pieces, assembled here for the first time. Masterpieces created during the Empire, exceptional objects that belonged to Napoleon and contemporary creations follow one another along a chronological and educational path. Vast reconstructions and numerous digital devices offer visitors a real immersion in the heart of these decisive moments in French history. A health pass is not required for this exhibition.\" \/>\n<meta property=\"og:url\" content=\"http:\/\/www.icon-icon.com\/en\/produit\/napoleon-lexposition\/\" \/>\n<meta property=\"og:site_name\" content=\"ICON-ICON\" \/>\n<meta property=\"og:image\" content=\"http:\/\/www.icon-icon.com\/wp-content\/uploads\/2021\/07\/napoleon.jpeg\" \/>\n\t<meta property=\"og:image:width\" content=\"600\" \/>\n\t<meta property=\"og:image:height\" content=\"900\" \/>\n\t<meta property=\"og:image:type\" content=\"image\/jpeg\" \/>\n<meta name=\"twitter:card\" content=\"summary_large_image\" \/>\n<script type=\"application\/ld+json\" class=\"yoast-schema-graph\">{\"@context\":\"https:\/\/schema.org\",\"@graph\":[{\"@type\":\"WebPage\",\"@id\":\"http:\/\/www.icon-icon.com\/en\/produit\/napoleon-lexposition\/\",\"url\":\"http:\/\/www.icon-icon.com\/en\/produit\/napoleon-lexposition\/\",\"name\":\"Napol\u00e9on : L'exposition - ICON-ICON\",\"isPartOf\":{\"@id\":\"https:\/\/www.icon-icon.com\/#website\"},\"primaryImageOfPage\":{\"@id\":\"http:\/\/www.icon-icon.com\/en\/produit\/napoleon-lexposition\/#primaryimage\"},\"image\":{\"@id\":\"http:\/\/www.icon-icon.com\/en\/produit\/napoleon-lexposition\/#primaryimage\"},\"thumbnailUrl\":\"https:\/\/www.icon-icon.com\/wp-content\/uploads\/2021\/07\/napoleon.jpeg\",\"datePublished\":\"2021-07-16T08:33:40+00:00\",\"breadcrumb\":{\"@id\":\"http:\/\/www.icon-icon.com\/en\/produit\/napoleon-lexposition\/#breadcrumb\"},\"inLanguage\":\"en-US\",\"potentialAction\":[{\"@type\":\"ReadAction\",\"target\":[\"http:\/\/www.icon-icon.com\/en\/produit\/napoleon-lexposition\/\"]}]},{\"@type\":\"ImageObject\",\"inLanguage\":\"en-US\",\"@id\":\"http:\/\/www.icon-icon.com\/en\/produit\/napoleon-lexposition\/#primaryimage\",\"url\":\"https:\/\/www.icon-icon.com\/wp-content\/uploads\/2021\/07\/napoleon.jpeg\",\"contentUrl\":\"https:\/\/www.icon-icon.com\/wp-content\/uploads\/2021\/07\/napoleon.jpeg\",\"width\":600,\"height\":900},{\"@type\":\"BreadcrumbList\",\"@id\":\"http:\/\/www.icon-icon.com\/en\/produit\/napoleon-lexposition\/#breadcrumb\",\"itemListElement\":[{\"@type\":\"ListItem\",\"position\":1,\"name\":\"Accueil\",\"item\":\"https:\/\/www.icon-icon.com\/en\/\"},{\"@type\":\"ListItem\",\"position\":2,\"name\":\"Shop\",\"item\":\"https:\/\/www.icon-icon.com\/en\/shop-2\/\"},{\"@type\":\"ListItem\",\"position\":3,\"name\":\"Napol\u00e9on : L&#8217;exposition\"}]},{\"@type\":\"WebSite\",\"@id\":\"https:\/\/www.icon-icon.com\/#website\",\"url\":\"https:\/\/www.icon-icon.com\/\",\"name\":\"ICON-ICON\",\"description\":\"Luxury Stories\",\"potentialAction\":[{\"@type\":\"SearchAction\",\"target\":{\"@type\":\"EntryPoint\",\"urlTemplate\":\"https:\/\/www.icon-icon.com\/?s={search_term_string}\"},\"query-input\":{\"@type\":\"PropertyValueSpecification\",\"valueRequired\":true,\"valueName\":\"search_term_string\"}}],\"inLanguage\":\"en-US\"}]}<\/script>\n<!-- \/ Yoast SEO plugin. -->","yoast_head_json":{"title":"Napol\u00e9on : L'exposition - ICON-ICON","robots":{"index":"index","follow":"follow","max-snippet":"max-snippet:-1","max-image-preview":"max-image-preview:large","max-video-preview":"max-video-preview:-1"},"canonical":"http:\/\/www.icon-icon.com\/en\/produit\/napoleon-lexposition\/","og_locale":"en_US","og_type":"article","og_title":"Napol\u00e9on : L'exposition - ICON-ICON","og_description":"Date: from 28 May to 19 December 2021Place: Grande Halle de la Villette, 211, Avenue Jean Jaur\u00e8s, Porte de Pantin, 75019 Paris\u00a0Prices: From 15\u20acAdmired as much as he was controversial, Napoleon Bonaparte was a highly complex character whose life oscillated between heroism and tragedy, victory and defeat, modern advances and regressive measures. To celebrate the 200th anniversary of his death, La Villette, La RMN - Grand Palais and RERE \/ Adonis are offering a spectacular exhibition that provides a fair and uncompromising portrait of a fascinating figure who shaped the France of today. After all, to know Napoleon is to understand the world in which we live. From his rise to the decline of the imperial adventure, the exhibition retraces this crucial period in nine sections, from key moments in French history to the intimate and romantic life of the emperor. The exceptional collaboration of the Louvre, the ch\u00e2teaux of Versailles, Fontainebleau and Malmaison, the Mus\u00e9e de l'Arm\u00e9e, the Mobilier National and the Fondation Napol\u00e9on has brought together more than 150 original pieces, assembled here for the first time. Masterpieces created during the Empire, exceptional objects that belonged to Napoleon and contemporary creations follow one another along a chronological and educational path. Vast reconstructions and numerous digital devices offer visitors a real immersion in the heart of these decisive moments in French history. A health pass is not required for this exhibition.","og_url":"http:\/\/www.icon-icon.com\/en\/produit\/napoleon-lexposition\/","og_site_name":"ICON-ICON","og_image":[{"width":600,"height":900,"url":"http:\/\/www.icon-icon.com\/wp-content\/uploads\/2021\/07\/napoleon.jpeg","type":"image\/jpeg"}],"twitter_card":"summary_large_image","schema":{"@context":"https:\/\/schema.org","@graph":[{"@type":"WebPage","@id":"http:\/\/www.icon-icon.com\/en\/produit\/napoleon-lexposition\/","url":"http:\/\/www.icon-icon.com\/en\/produit\/napoleon-lexposition\/","name":"Napol\u00e9on : L'exposition - ICON-ICON","isPartOf":{"@id":"https:\/\/www.icon-icon.com\/#website"},"primaryImageOfPage":{"@id":"http:\/\/www.icon-icon.com\/en\/produit\/napoleon-lexposition\/#primaryimage"},"image":{"@id":"http:\/\/www.icon-icon.com\/en\/produit\/napoleon-lexposition\/#primaryimage"},"thumbnailUrl":"https:\/\/www.icon-icon.com\/wp-content\/uploads\/2021\/07\/napoleon.jpeg","datePublished":"2021-07-16T08:33:40+00:00","breadcrumb":{"@id":"http:\/\/www.icon-icon.com\/en\/produit\/napoleon-lexposition\/#breadcrumb"},"inLanguage":"en-US","potentialAction":[{"@type":"ReadAction","target":["http:\/\/www.icon-icon.com\/en\/produit\/napoleon-lexposition\/"]}]},{"@type":"ImageObject","inLanguage":"en-US","@id":"http:\/\/www.icon-icon.com\/en\/produit\/napoleon-lexposition\/#primaryimage","url":"https:\/\/www.icon-icon.com\/wp-content\/uploads\/2021\/07\/napoleon.jpeg","contentUrl":"https:\/\/www.icon-icon.com\/wp-content\/uploads\/2021\/07\/napoleon.jpeg","width":600,"height":900},{"@type":"BreadcrumbList","@id":"http:\/\/www.icon-icon.com\/en\/produit\/napoleon-lexposition\/#breadcrumb","itemListElement":[{"@type":"ListItem","position":1,"name":"Accueil","item":"https:\/\/www.icon-icon.com\/en\/"},{"@type":"ListItem","position":2,"name":"Shop","item":"https:\/\/www.icon-icon.com\/en\/shop-2\/"},{"@type":"ListItem","position":3,"name":"Napol\u00e9on : L&#8217;exposition"}]},{"@type":"WebSite","@id":"https:\/\/www.icon-icon.com\/#website","url":"https:\/\/www.icon-icon.com\/","name":"ICON-ICON","description":"Luxury Stories","potentialAction":[{"@type":"SearchAction","target":{"@type":"EntryPoint","urlTemplate":"https:\/\/www.icon-icon.com\/?s={search_term_string}"},"query-input":{"@type":"PropertyValueSpecification","valueRequired":true,"valueName":"search_term_string"}}],"inLanguage":"en-US"}]}},"_links":{"self":[{"href":"https:\/\/www.icon-icon.com\/en\/wp-json\/wp\/v2\/product\/50417","targetHints":{"allow":["GET"]}}],"collection":[{"href":"https:\/\/www.icon-icon.com\/en\/wp-json\/wp\/v2\/product"}],"about":[{"href":"https:\/\/www.icon-icon.com\/en\/wp-json\/wp\/v2\/types\/product"}],"wp:featuredmedia":[{"embeddable":true,"href":"https:\/\/www.icon-icon.com\/en\/wp-json\/wp\/v2\/media\/50416"}],"wp:attachment":[{"href":"https:\/\/www.icon-icon.com\/en\/wp-json\/wp\/v2\/media?parent=50417"}],"wp:term":[{"taxonomy":"product_brand","embeddable":true,"href":"https:\/\/www.icon-icon.com\/en\/wp-json\/wp\/v2\/product_brand?post=50417"},{"taxonomy":"product_cat","embeddable":true,"href":"https:\/\/www.icon-icon.com\/en\/wp-json\/wp\/v2\/product_cat?post=50417"},{"taxonomy":"product_tag","embeddable":true,"href":"https:\/\/www.icon-icon.com\/en\/wp-json\/wp\/v2\/product_tag?post=50417"}],"curies":[{"name":"wp","href":"https:\/\/api.w.org\/{rel}","templated":true}]}}

Napoléon : L&#8217;exposition

<p><strong>Date</strong>: from 28 May to 19 December 2021</p>
<p><strong>Place</strong>: Grande Halle de la Villette, 211, Avenue Jean Jaurès, Porte de Pantin, 75019 Paris</p>
<p> <strong>Prices</strong>: From 15€</p>
<p>Admired as much as he was controversial, Napoleon Bonaparte was a highly complex character whose life oscillated between heroism and tragedy, victory and defeat, modern advances and regressive measures. To celebrate the 200th anniversary of his death, La Villette, La RMN &#8211; Grand Palais and RERE / Adonis are offering a spectacular exhibition that provides a fair and uncompromising portrait of a fascinating figure who shaped the France of today. After all, to know Napoleon is to understand the world in which we live. From his rise to the decline of the imperial adventure, the exhibition retraces this crucial period in nine sections, from key moments in French history to the intimate and romantic life of the emperor. The exceptional collaboration of the Louvre, the châteaux of Versailles, Fontainebleau and Malmaison, the Musée de l&#8217;Armée, the Mobilier National and the Fondation Napoléon has brought together more than 150 original pieces, assembled here for the first time. Masterpieces created during the Empire, exceptional objects that belonged to Napoleon and contemporary creations follow one another along a chronological and educational path. Vast reconstructions and numerous digital devices offer visitors a real immersion in the heart of these decisive moments in French history. A health pass is not required for this exhibition.</p>

<!-- This site is optimized with the Yoast SEO plugin v27.2 - https://yoast.com/product/yoast-seo-wordpress/ -->
<title>Napoléon : L&#039;exposition - ICON-ICON</title>
<meta name="robots" content="index, follow, max-snippet:-1, max-image-preview:large, max-video-preview:-1" />
<link rel="canonical" href="http://www.icon-icon.com/en/produit/napoleon-lexposition/" />
<meta property="og:locale" content="en_US" />
<meta property="og:type" content="article" />
<meta property="og:title" content="Napoléon : L&#039;exposition - ICON-ICON" />
<meta property="og:description" content="Date: from 28 May to 19 December 2021Place: Grande Halle de la Villette, 211, Avenue Jean Jaurès, Porte de Pantin, 75019 Paris Prices: From 15€Admired as much as he was controversial, Napoleon Bonaparte was a highly complex character whose life oscillated between heroism and tragedy, victory and defeat, modern advances and regressive measures. To celebrate the 200th anniversary of his death, La Villette, La RMN - Grand Palais and RERE / Adonis are offering a spectacular exhibition that provides a fair and uncompromising portrait of a fascinating figure who shaped the France of today. After all, to know Napoleon is to understand the world in which we live. From his rise to the decline of the imperial adventure, the exhibition retraces this crucial period in nine sections, from key moments in French history to the intimate and romantic life of the emperor. The exceptional collaboration of the Louvre, the châteaux of Versailles, Fontainebleau and Malmaison, the Musée de l&#039;Armée, the Mobilier National and the Fondation Napoléon has brought together more than 150 original pieces, assembled here for the first time. Masterpieces created during the Empire, exceptional objects that belonged to Napoleon and contemporary creations follow one another along a chronological and educational path. Vast reconstructions and numerous digital devices offer visitors a real immersion in the heart of these decisive moments in French history. A health pass is not required for this exhibition." />
<meta property="og:url" content="http://www.icon-icon.com/en/produit/napoleon-lexposition/" />
<meta property="og:site_name" content="ICON-ICON" />
<meta property="og:image" content="http://www.icon-icon.com/wp-content/uploads/2021/07/napoleon.jpeg" />
	<meta property="og:image:width" content="600" />
	<meta property="og:image:height" content="900" />
	<meta property="og:image:type" content="image/jpeg" />
<meta name="twitter:card" content="summary_large_image" />
<script type="application/ld+json" class="yoast-schema-graph">{"@context":"https://schema.org","@graph":[{"@type":"WebPage","@id":"http://www.icon-icon.com/en/produit/napoleon-lexposition/","url":"http://www.icon-icon.com/en/produit/napoleon-lexposition/","name":"Napoléon : L'exposition - ICON-ICON","isPartOf":{"@id":"https://www.icon-icon.com/#website"},"primaryImageOfPage":{"@id":"http://www.icon-icon.com/en/produit/napoleon-lexposition/#primaryimage"},"image":{"@id":"http://www.icon-icon.com/en/produit/napoleon-lexposition/#primaryimage"},"thumbnailUrl":"https://www.icon-icon.com/wp-content/uploads/2021/07/napoleon.jpeg","datePublished":"2021-07-16T08:33:40+00:00","breadcrumb":{"@id":"http://www.icon-icon.com/en/produit/napoleon-lexposition/#breadcrumb"},"inLanguage":"en-US","potentialAction":[{"@type":"ReadAction","target":["http://www.icon-icon.com/en/produit/napoleon-lexposition/"]}]},{"@type":"ImageObject","inLanguage":"en-US","@id":"http://www.icon-icon.com/en/produit/napoleon-lexposition/#primaryimage","url":"https://www.icon-icon.com/wp-content/uploads/2021/07/napoleon.jpeg","contentUrl":"https://www.icon-icon.com/wp-content/uploads/2021/07/napoleon.jpeg","width":600,"height":900},{"@type":"BreadcrumbList","@id":"http://www.icon-icon.com/en/produit/napoleon-lexposition/#breadcrumb","itemListElement":[{"@type":"ListItem","position":1,"name":"Accueil","item":"https://www.icon-icon.com/en/"},{"@type":"ListItem","position":2,"name":"Shop","item":"https://www.icon-icon.com/en/shop-2/"},{"@type":"ListItem","position":3,"name":"Napoléon : L&#8217;exposition"}]},{"@type":"WebSite","@id":"https://www.icon-icon.com/#website","url":"https://www.icon-icon.com/","name":"ICON-ICON","description":"Luxury Stories","potentialAction":[{"@type":"SearchAction","target":{"@type":"EntryPoint","urlTemplate":"https://www.icon-icon.com/?s={search_term_string}"},"query-input":{"@type":"PropertyValueSpecification","valueRequired":true,"valueName":"search_term_string"}}],"inLanguage":"en-US"}]}</script>
<!-- / Yoast SEO plugin. -->

Napoléon : L'exposition - ICON-ICON

Date: from 28 May to 19 December 2021Place: Grande Halle de la Villette, 211, Avenue Jean Jaurès, Porte de Pantin, 75019 Paris Prices: From 15€Admired as much as he was controversial, Napoleon Bonaparte was a highly complex character whose life oscillated between heroism and tragedy, victory and defeat, modern advances and regressive measures. To celebrate the 200th anniversary of his death, La Villette, La RMN - Grand Palais and RERE / Adonis are offering a spectacular exhibition that provides a fair and uncompromising portrait of a fascinating figure who shaped the France of today. After all, to know Napoleon is to understand the world in which we live. From his rise to the decline of the imperial adventure, the exhibition retraces this crucial period in nine sections, from key moments in French history to the intimate and romantic life of the emperor. The exceptional collaboration of the Louvre, the châteaux of Versailles, Fontainebleau and Malmaison, the Musée de l'Armée, the Mobilier National and the Fondation Napoléon has brought together more than 150 original pieces, assembled here for the first time. Masterpieces created during the Empire, exceptional objects that belonged to Napoleon and contemporary creations follow one another along a chronological and educational path. Vast reconstructions and numerous digital devices offer visitors a real immersion in the heart of these decisive moments in French history. A health pass is not required for this exhibition.
