


{"id":49645,"date":"2021-07-12T10:33:29","date_gmt":"2021-07-12T08:35:58","guid":{"rendered":"https:\/\/www.icon-icon.com\/?post_type=product&#038;p=49645"},"modified":"2021-11-29T14:27:24","modified_gmt":"2021-11-29T13:27:24","slug":"sociopoetique-du-textile-a-lage-classique-du-vetement-et-de-sa-representation-a-la-poetique-du-texte","status":"publish","type":"product","link":"https:\/\/www.icon-icon.com\/en\/produit\/sociopoetique-du-textile-a-lage-classique-du-vetement-et-de-sa-representation-a-la-poetique-du-texte\/","title":{"rendered":"Sociopo\u00e9tique du textile \u00e0 l&#8217;\u00e2ge classique : Du v\u00eatement et de sa repr\u00e9sentation \u00e0 la po\u00e9tique du texte"},"content":{"rendered":"","protected":false},"excerpt":{"rendered":"<p><b>Authors : <\/b>\u00a0\u00a0Alain Montandon &#8211; Carine Barbafieri<\/p>\n<p><b>Publishing House : <\/b>Hermann<\/p>\n<p><b>Parution<\/b><b> Date <\/b>: December 2015<\/p>\n<p><b>Description :<\/b>The historical and social use of clothing through headgear, embroidered vests and other costumes and adornments is inseparable from the demands of fashion as well as the rhetorics and semiologies of the construction of clothing of which La Bruy\u00e8re was, among others, a brilliant reader. Because the text is etymologically a fabric, representing a garment is also always a way of speaking about the literary text itself. This book, which focuses on the social and aesthetic representations of clothing in classical France, studies the textile and the poetics of clothing in Mme d&#8217;Aulnoy, R\u00e9tif, Berquin or Marivaux, but also in ballets and in the theater, notably through the feathers and ribbons of Moli\u00e8re and the costumes of the Blacks of Olympe de Gouges.<\/p>\n","protected":false},"featured_media":61982,"template":"","meta":{"_acf_changed":false},"product_brand":[],"product_cat":[21562,22973,21727,21593,21664,25037],"product_tag":[25561,25562,25560],"class_list":{"0":"post-49645","1":"product","2":"type-product","3":"status-publish","4":"has-post-thumbnail","6":"product_cat-books","7":"product_cat-culture-and-technology","8":"product_cat-fashion-accessories-selection","9":"product_cat-fashion-and-philosophy-fashion-accessories","10":"product_cat-historical-and-sociological-studies-of-fashion-selection","11":"product_cat-mode-et-art-en","12":"product_tag-alain-montandon-en","13":"product_tag-carine-barbafieri-en","14":"product_tag-hermann-carine-barbafieri-en","16":"first","17":"instock","18":"product-type-external"},"acf":[],"yoast_head":"<!-- This site is optimized with the Yoast SEO plugin v27.2 - https:\/\/yoast.com\/product\/yoast-seo-wordpress\/ -->\n<title>Sociopo\u00e9tique du textile \u00e0 l&#039;\u00e2ge classique : Du v\u00eatement et de sa repr\u00e9sentation \u00e0 la po\u00e9tique du texte - ICON-ICON<\/title>\n<meta name=\"robots\" content=\"index, follow, max-snippet:-1, max-image-preview:large, max-video-preview:-1\" \/>\n<link rel=\"canonical\" href=\"https:\/\/www.icon-icon.com\/en\/produit\/sociopoetique-du-textile-a-lage-classique-du-vetement-et-de-sa-representation-a-la-poetique-du-texte\/\" \/>\n<meta property=\"og:locale\" content=\"en_US\" \/>\n<meta property=\"og:type\" content=\"article\" \/>\n<meta property=\"og:title\" content=\"Sociopo\u00e9tique du textile \u00e0 l&#039;\u00e2ge classique : Du v\u00eatement et de sa repr\u00e9sentation \u00e0 la po\u00e9tique du texte - ICON-ICON\" \/>\n<meta property=\"og:description\" content=\"Authors : \u00a0\u00a0Alain Montandon - Carine Barbafieri  Publishing House : Hermann  Parution Date : December 2015  Description :The historical and social use of clothing through headgear, embroidered vests and other costumes and adornments is inseparable from the demands of fashion as well as the rhetorics and semiologies of the construction of clothing of which La Bruy\u00e8re was, among others, a brilliant reader. Because the text is etymologically a fabric, representing a garment is also always a way of speaking about the literary text itself. This book, which focuses on the social and aesthetic representations of clothing in classical France, studies the textile and the poetics of clothing in Mme d&#039;Aulnoy, R\u00e9tif, Berquin or Marivaux, but also in ballets and in the theater, notably through the feathers and ribbons of Moli\u00e8re and the costumes of the Blacks of Olympe de Gouges.\" \/>\n<meta property=\"og:url\" content=\"https:\/\/www.icon-icon.com\/en\/produit\/sociopoetique-du-textile-a-lage-classique-du-vetement-et-de-sa-representation-a-la-poetique-du-texte\/\" \/>\n<meta property=\"og:site_name\" content=\"ICON-ICON\" \/>\n<meta property=\"article:modified_time\" content=\"2021-11-29T13:27:24+00:00\" \/>\n<meta property=\"og:image\" content=\"https:\/\/www.icon-icon.com\/wp-content\/uploads\/2021\/07\/Alain-Montandon-Carine-Barbafieri.jpg\" \/>\n\t<meta property=\"og:image:width\" content=\"501\" \/>\n\t<meta property=\"og:image:height\" content=\"500\" \/>\n\t<meta property=\"og:image:type\" content=\"image\/jpeg\" \/>\n<meta name=\"twitter:card\" content=\"summary_large_image\" \/>\n<script type=\"application\/ld+json\" class=\"yoast-schema-graph\">{\"@context\":\"https:\/\/schema.org\",\"@graph\":[{\"@type\":\"WebPage\",\"@id\":\"https:\/\/www.icon-icon.com\/en\/produit\/sociopoetique-du-textile-a-lage-classique-du-vetement-et-de-sa-representation-a-la-poetique-du-texte\/\",\"url\":\"https:\/\/www.icon-icon.com\/en\/produit\/sociopoetique-du-textile-a-lage-classique-du-vetement-et-de-sa-representation-a-la-poetique-du-texte\/\",\"name\":\"Sociopo\u00e9tique du textile \u00e0 l'\u00e2ge classique : Du v\u00eatement et de sa repr\u00e9sentation \u00e0 la po\u00e9tique du texte - ICON-ICON\",\"isPartOf\":{\"@id\":\"https:\/\/www.icon-icon.com\/#website\"},\"primaryImageOfPage\":{\"@id\":\"https:\/\/www.icon-icon.com\/en\/produit\/sociopoetique-du-textile-a-lage-classique-du-vetement-et-de-sa-representation-a-la-poetique-du-texte\/#primaryimage\"},\"image\":{\"@id\":\"https:\/\/www.icon-icon.com\/en\/produit\/sociopoetique-du-textile-a-lage-classique-du-vetement-et-de-sa-representation-a-la-poetique-du-texte\/#primaryimage\"},\"thumbnailUrl\":\"https:\/\/www.icon-icon.com\/wp-content\/uploads\/2021\/07\/Alain-Montandon-Carine-Barbafieri.jpg\",\"datePublished\":\"2021-07-12T08:35:58+00:00\",\"dateModified\":\"2021-11-29T13:27:24+00:00\",\"breadcrumb\":{\"@id\":\"https:\/\/www.icon-icon.com\/en\/produit\/sociopoetique-du-textile-a-lage-classique-du-vetement-et-de-sa-representation-a-la-poetique-du-texte\/#breadcrumb\"},\"inLanguage\":\"en-US\",\"potentialAction\":[{\"@type\":\"ReadAction\",\"target\":[\"https:\/\/www.icon-icon.com\/en\/produit\/sociopoetique-du-textile-a-lage-classique-du-vetement-et-de-sa-representation-a-la-poetique-du-texte\/\"]}]},{\"@type\":\"ImageObject\",\"inLanguage\":\"en-US\",\"@id\":\"https:\/\/www.icon-icon.com\/en\/produit\/sociopoetique-du-textile-a-lage-classique-du-vetement-et-de-sa-representation-a-la-poetique-du-texte\/#primaryimage\",\"url\":\"https:\/\/www.icon-icon.com\/wp-content\/uploads\/2021\/07\/Alain-Montandon-Carine-Barbafieri.jpg\",\"contentUrl\":\"https:\/\/www.icon-icon.com\/wp-content\/uploads\/2021\/07\/Alain-Montandon-Carine-Barbafieri.jpg\",\"width\":501,\"height\":500},{\"@type\":\"BreadcrumbList\",\"@id\":\"https:\/\/www.icon-icon.com\/en\/produit\/sociopoetique-du-textile-a-lage-classique-du-vetement-et-de-sa-representation-a-la-poetique-du-texte\/#breadcrumb\",\"itemListElement\":[{\"@type\":\"ListItem\",\"position\":1,\"name\":\"Accueil\",\"item\":\"https:\/\/www.icon-icon.com\/en\/\"},{\"@type\":\"ListItem\",\"position\":2,\"name\":\"Shop\",\"item\":\"https:\/\/www.icon-icon.com\/en\/shop-2\/\"},{\"@type\":\"ListItem\",\"position\":3,\"name\":\"Sociopo\u00e9tique du textile \u00e0 l&#8217;\u00e2ge classique : Du v\u00eatement et de sa repr\u00e9sentation \u00e0 la po\u00e9tique du texte\"}]},{\"@type\":\"WebSite\",\"@id\":\"https:\/\/www.icon-icon.com\/#website\",\"url\":\"https:\/\/www.icon-icon.com\/\",\"name\":\"ICON-ICON\",\"description\":\"Luxury Stories\",\"potentialAction\":[{\"@type\":\"SearchAction\",\"target\":{\"@type\":\"EntryPoint\",\"urlTemplate\":\"https:\/\/www.icon-icon.com\/?s={search_term_string}\"},\"query-input\":{\"@type\":\"PropertyValueSpecification\",\"valueRequired\":true,\"valueName\":\"search_term_string\"}}],\"inLanguage\":\"en-US\"}]}<\/script>\n<!-- \/ Yoast SEO plugin. -->","yoast_head_json":{"title":"Sociopo\u00e9tique du textile \u00e0 l'\u00e2ge classique : Du v\u00eatement et de sa repr\u00e9sentation \u00e0 la po\u00e9tique du texte - ICON-ICON","robots":{"index":"index","follow":"follow","max-snippet":"max-snippet:-1","max-image-preview":"max-image-preview:large","max-video-preview":"max-video-preview:-1"},"canonical":"https:\/\/www.icon-icon.com\/en\/produit\/sociopoetique-du-textile-a-lage-classique-du-vetement-et-de-sa-representation-a-la-poetique-du-texte\/","og_locale":"en_US","og_type":"article","og_title":"Sociopo\u00e9tique du textile \u00e0 l'\u00e2ge classique : Du v\u00eatement et de sa repr\u00e9sentation \u00e0 la po\u00e9tique du texte - ICON-ICON","og_description":"Authors : \u00a0\u00a0Alain Montandon - Carine Barbafieri  Publishing House : Hermann  Parution Date : December 2015  Description :The historical and social use of clothing through headgear, embroidered vests and other costumes and adornments is inseparable from the demands of fashion as well as the rhetorics and semiologies of the construction of clothing of which La Bruy\u00e8re was, among others, a brilliant reader. Because the text is etymologically a fabric, representing a garment is also always a way of speaking about the literary text itself. This book, which focuses on the social and aesthetic representations of clothing in classical France, studies the textile and the poetics of clothing in Mme d'Aulnoy, R\u00e9tif, Berquin or Marivaux, but also in ballets and in the theater, notably through the feathers and ribbons of Moli\u00e8re and the costumes of the Blacks of Olympe de Gouges.","og_url":"https:\/\/www.icon-icon.com\/en\/produit\/sociopoetique-du-textile-a-lage-classique-du-vetement-et-de-sa-representation-a-la-poetique-du-texte\/","og_site_name":"ICON-ICON","article_modified_time":"2021-11-29T13:27:24+00:00","og_image":[{"width":501,"height":500,"url":"https:\/\/www.icon-icon.com\/wp-content\/uploads\/2021\/07\/Alain-Montandon-Carine-Barbafieri.jpg","type":"image\/jpeg"}],"twitter_card":"summary_large_image","schema":{"@context":"https:\/\/schema.org","@graph":[{"@type":"WebPage","@id":"https:\/\/www.icon-icon.com\/en\/produit\/sociopoetique-du-textile-a-lage-classique-du-vetement-et-de-sa-representation-a-la-poetique-du-texte\/","url":"https:\/\/www.icon-icon.com\/en\/produit\/sociopoetique-du-textile-a-lage-classique-du-vetement-et-de-sa-representation-a-la-poetique-du-texte\/","name":"Sociopo\u00e9tique du textile \u00e0 l'\u00e2ge classique : Du v\u00eatement et de sa repr\u00e9sentation \u00e0 la po\u00e9tique du texte - ICON-ICON","isPartOf":{"@id":"https:\/\/www.icon-icon.com\/#website"},"primaryImageOfPage":{"@id":"https:\/\/www.icon-icon.com\/en\/produit\/sociopoetique-du-textile-a-lage-classique-du-vetement-et-de-sa-representation-a-la-poetique-du-texte\/#primaryimage"},"image":{"@id":"https:\/\/www.icon-icon.com\/en\/produit\/sociopoetique-du-textile-a-lage-classique-du-vetement-et-de-sa-representation-a-la-poetique-du-texte\/#primaryimage"},"thumbnailUrl":"https:\/\/www.icon-icon.com\/wp-content\/uploads\/2021\/07\/Alain-Montandon-Carine-Barbafieri.jpg","datePublished":"2021-07-12T08:35:58+00:00","dateModified":"2021-11-29T13:27:24+00:00","breadcrumb":{"@id":"https:\/\/www.icon-icon.com\/en\/produit\/sociopoetique-du-textile-a-lage-classique-du-vetement-et-de-sa-representation-a-la-poetique-du-texte\/#breadcrumb"},"inLanguage":"en-US","potentialAction":[{"@type":"ReadAction","target":["https:\/\/www.icon-icon.com\/en\/produit\/sociopoetique-du-textile-a-lage-classique-du-vetement-et-de-sa-representation-a-la-poetique-du-texte\/"]}]},{"@type":"ImageObject","inLanguage":"en-US","@id":"https:\/\/www.icon-icon.com\/en\/produit\/sociopoetique-du-textile-a-lage-classique-du-vetement-et-de-sa-representation-a-la-poetique-du-texte\/#primaryimage","url":"https:\/\/www.icon-icon.com\/wp-content\/uploads\/2021\/07\/Alain-Montandon-Carine-Barbafieri.jpg","contentUrl":"https:\/\/www.icon-icon.com\/wp-content\/uploads\/2021\/07\/Alain-Montandon-Carine-Barbafieri.jpg","width":501,"height":500},{"@type":"BreadcrumbList","@id":"https:\/\/www.icon-icon.com\/en\/produit\/sociopoetique-du-textile-a-lage-classique-du-vetement-et-de-sa-representation-a-la-poetique-du-texte\/#breadcrumb","itemListElement":[{"@type":"ListItem","position":1,"name":"Accueil","item":"https:\/\/www.icon-icon.com\/en\/"},{"@type":"ListItem","position":2,"name":"Shop","item":"https:\/\/www.icon-icon.com\/en\/shop-2\/"},{"@type":"ListItem","position":3,"name":"Sociopo\u00e9tique du textile \u00e0 l&#8217;\u00e2ge classique : Du v\u00eatement et de sa repr\u00e9sentation \u00e0 la po\u00e9tique du texte"}]},{"@type":"WebSite","@id":"https:\/\/www.icon-icon.com\/#website","url":"https:\/\/www.icon-icon.com\/","name":"ICON-ICON","description":"Luxury Stories","potentialAction":[{"@type":"SearchAction","target":{"@type":"EntryPoint","urlTemplate":"https:\/\/www.icon-icon.com\/?s={search_term_string}"},"query-input":{"@type":"PropertyValueSpecification","valueRequired":true,"valueName":"search_term_string"}}],"inLanguage":"en-US"}]}},"_links":{"self":[{"href":"https:\/\/www.icon-icon.com\/en\/wp-json\/wp\/v2\/product\/49645","targetHints":{"allow":["GET"]}}],"collection":[{"href":"https:\/\/www.icon-icon.com\/en\/wp-json\/wp\/v2\/product"}],"about":[{"href":"https:\/\/www.icon-icon.com\/en\/wp-json\/wp\/v2\/types\/product"}],"wp:featuredmedia":[{"embeddable":true,"href":"https:\/\/www.icon-icon.com\/en\/wp-json\/wp\/v2\/media\/61982"}],"wp:attachment":[{"href":"https:\/\/www.icon-icon.com\/en\/wp-json\/wp\/v2\/media?parent=49645"}],"wp:term":[{"taxonomy":"product_brand","embeddable":true,"href":"https:\/\/www.icon-icon.com\/en\/wp-json\/wp\/v2\/product_brand?post=49645"},{"taxonomy":"product_cat","embeddable":true,"href":"https:\/\/www.icon-icon.com\/en\/wp-json\/wp\/v2\/product_cat?post=49645"},{"taxonomy":"product_tag","embeddable":true,"href":"https:\/\/www.icon-icon.com\/en\/wp-json\/wp\/v2\/product_tag?post=49645"}],"curies":[{"name":"wp","href":"https:\/\/api.w.org\/{rel}","templated":true}]}}

Sociopoétique du textile à l&#8217;âge classique : Du vêtement et de sa représentation à la poétique du texte

<p><b>Authors : </b>  Alain Montandon &#8211; Carine Barbafieri</p>
<p><b>Publishing House : </b>Hermann</p>
<p><b>Parution</b><b> Date </b>: December 2015</p>
<p><b>Description :</b>The historical and social use of clothing through headgear, embroidered vests and other costumes and adornments is inseparable from the demands of fashion as well as the rhetorics and semiologies of the construction of clothing of which La Bruyère was, among others, a brilliant reader. Because the text is etymologically a fabric, representing a garment is also always a way of speaking about the literary text itself. This book, which focuses on the social and aesthetic representations of clothing in classical France, studies the textile and the poetics of clothing in Mme d&#8217;Aulnoy, Rétif, Berquin or Marivaux, but also in ballets and in the theater, notably through the feathers and ribbons of Molière and the costumes of the Blacks of Olympe de Gouges.</p>

<!-- This site is optimized with the Yoast SEO plugin v27.2 - https://yoast.com/product/yoast-seo-wordpress/ -->
<title>Sociopoétique du textile à l&#039;âge classique : Du vêtement et de sa représentation à la poétique du texte - ICON-ICON</title>
<meta name="robots" content="index, follow, max-snippet:-1, max-image-preview:large, max-video-preview:-1" />
<link rel="canonical" href="https://www.icon-icon.com/en/produit/sociopoetique-du-textile-a-lage-classique-du-vetement-et-de-sa-representation-a-la-poetique-du-texte/" />
<meta property="og:locale" content="en_US" />
<meta property="og:type" content="article" />
<meta property="og:title" content="Sociopoétique du textile à l&#039;âge classique : Du vêtement et de sa représentation à la poétique du texte - ICON-ICON" />
<meta property="og:description" content="Authors :   Alain Montandon - Carine Barbafieri  Publishing House : Hermann  Parution Date : December 2015  Description :The historical and social use of clothing through headgear, embroidered vests and other costumes and adornments is inseparable from the demands of fashion as well as the rhetorics and semiologies of the construction of clothing of which La Bruyère was, among others, a brilliant reader. Because the text is etymologically a fabric, representing a garment is also always a way of speaking about the literary text itself. This book, which focuses on the social and aesthetic representations of clothing in classical France, studies the textile and the poetics of clothing in Mme d&#039;Aulnoy, Rétif, Berquin or Marivaux, but also in ballets and in the theater, notably through the feathers and ribbons of Molière and the costumes of the Blacks of Olympe de Gouges." />
<meta property="og:url" content="https://www.icon-icon.com/en/produit/sociopoetique-du-textile-a-lage-classique-du-vetement-et-de-sa-representation-a-la-poetique-du-texte/" />
<meta property="og:site_name" content="ICON-ICON" />
<meta property="article:modified_time" content="2021-11-29T13:27:24+00:00" />
<meta property="og:image" content="https://www.icon-icon.com/wp-content/uploads/2021/07/Alain-Montandon-Carine-Barbafieri.jpg" />
	<meta property="og:image:width" content="501" />
	<meta property="og:image:height" content="500" />
	<meta property="og:image:type" content="image/jpeg" />
<meta name="twitter:card" content="summary_large_image" />
<script type="application/ld+json" class="yoast-schema-graph">{"@context":"https://schema.org","@graph":[{"@type":"WebPage","@id":"https://www.icon-icon.com/en/produit/sociopoetique-du-textile-a-lage-classique-du-vetement-et-de-sa-representation-a-la-poetique-du-texte/","url":"https://www.icon-icon.com/en/produit/sociopoetique-du-textile-a-lage-classique-du-vetement-et-de-sa-representation-a-la-poetique-du-texte/","name":"Sociopoétique du textile à l'âge classique : Du vêtement et de sa représentation à la poétique du texte - ICON-ICON","isPartOf":{"@id":"https://www.icon-icon.com/#website"},"primaryImageOfPage":{"@id":"https://www.icon-icon.com/en/produit/sociopoetique-du-textile-a-lage-classique-du-vetement-et-de-sa-representation-a-la-poetique-du-texte/#primaryimage"},"image":{"@id":"https://www.icon-icon.com/en/produit/sociopoetique-du-textile-a-lage-classique-du-vetement-et-de-sa-representation-a-la-poetique-du-texte/#primaryimage"},"thumbnailUrl":"https://www.icon-icon.com/wp-content/uploads/2021/07/Alain-Montandon-Carine-Barbafieri.jpg","datePublished":"2021-07-12T08:35:58+00:00","dateModified":"2021-11-29T13:27:24+00:00","breadcrumb":{"@id":"https://www.icon-icon.com/en/produit/sociopoetique-du-textile-a-lage-classique-du-vetement-et-de-sa-representation-a-la-poetique-du-texte/#breadcrumb"},"inLanguage":"en-US","potentialAction":[{"@type":"ReadAction","target":["https://www.icon-icon.com/en/produit/sociopoetique-du-textile-a-lage-classique-du-vetement-et-de-sa-representation-a-la-poetique-du-texte/"]}]},{"@type":"ImageObject","inLanguage":"en-US","@id":"https://www.icon-icon.com/en/produit/sociopoetique-du-textile-a-lage-classique-du-vetement-et-de-sa-representation-a-la-poetique-du-texte/#primaryimage","url":"https://www.icon-icon.com/wp-content/uploads/2021/07/Alain-Montandon-Carine-Barbafieri.jpg","contentUrl":"https://www.icon-icon.com/wp-content/uploads/2021/07/Alain-Montandon-Carine-Barbafieri.jpg","width":501,"height":500},{"@type":"BreadcrumbList","@id":"https://www.icon-icon.com/en/produit/sociopoetique-du-textile-a-lage-classique-du-vetement-et-de-sa-representation-a-la-poetique-du-texte/#breadcrumb","itemListElement":[{"@type":"ListItem","position":1,"name":"Accueil","item":"https://www.icon-icon.com/en/"},{"@type":"ListItem","position":2,"name":"Shop","item":"https://www.icon-icon.com/en/shop-2/"},{"@type":"ListItem","position":3,"name":"Sociopoétique du textile à l&#8217;âge classique : Du vêtement et de sa représentation à la poétique du texte"}]},{"@type":"WebSite","@id":"https://www.icon-icon.com/#website","url":"https://www.icon-icon.com/","name":"ICON-ICON","description":"Luxury Stories","potentialAction":[{"@type":"SearchAction","target":{"@type":"EntryPoint","urlTemplate":"https://www.icon-icon.com/?s={search_term_string}"},"query-input":{"@type":"PropertyValueSpecification","valueRequired":true,"valueName":"search_term_string"}}],"inLanguage":"en-US"}]}</script>
<!-- / Yoast SEO plugin. -->

Sociopoétique du textile à l'âge classique : Du vêtement et de sa représentation à la poétique du texte - ICON-ICON

Authors :   Alain Montandon - Carine Barbafieri  Publishing House : Hermann  Parution Date : December 2015  Description :The historical and social use of clothing through headgear, embroidered vests and other costumes and adornments is inseparable from the demands of fashion as well as the rhetorics and semiologies of the construction of clothing of which La Bruyère was, among others, a brilliant reader. Because the text is etymologically a fabric, representing a garment is also always a way of speaking about the literary text itself. This book, which focuses on the social and aesthetic representations of clothing in classical France, studies the textile and the poetics of clothing in Mme d'Aulnoy, Rétif, Berquin or Marivaux, but also in ballets and in the theater, notably through the feathers and ribbons of Molière and the costumes of the Blacks of Olympe de Gouges.
