


{"id":49556,"date":"2021-07-09T15:49:42","date_gmt":"2021-07-09T13:49:42","guid":{"rendered":"https:\/\/www.icon-icon.com\/?post_type=product&#038;p=49556"},"modified":"2021-11-25T17:07:31","modified_gmt":"2021-11-25T16:07:31","slug":"mallarme-et-la-mode","status":"publish","type":"product","link":"https:\/\/www.icon-icon.com\/en\/produit\/mallarme-et-la-mode\/","title":{"rendered":"Mallarm\u00e9 et la mode"},"content":{"rendered":"","protected":false},"excerpt":{"rendered":"<p><b>Author: <\/b>Jean-Pierre Lecercle<\/p>\n<p><b>Publishing House: <\/b>S\u00e9guier<\/p>\n<p><b>Publication Date<\/b>: February 20, 2014<\/p>\n<p class=\"p1\"><b>Description :<\/b>&#8220;Mallarm\u00e9 et la mode&#8221;: whose developments are related to the Derni\u00e8re Mode, the publication to which Mallarm\u00e9 collaborated from August to December 1874. The book attempts to articulate this astonishing review of fashion on Mallarm\u00e9an poetics, although the text of the Derni\u00e8re Mode, and this is the thesis exposed in 1989 by Jean Pierre Lecercle, taken up again and completed today, presents little relationship with Mallarm\u00e9an poetic elaboration. Object of the recent exhibition entitled &#8220;Fashion and Impressionism&#8221;, the relations of fashion and art deserve to be reappraised all the more that the book, today, haunts, in the proper sense of the term, the windows of the fashion stores which, a few years ago, drove out the bookshops of the Latin Quarter, in Paris, and took their place&#8230;<\/p>\n","protected":false},"featured_media":61655,"template":"","meta":{"_acf_changed":false},"product_brand":[],"product_cat":[21562,21593,21664],"product_tag":[25444,25145,22284,25445],"class_list":{"0":"post-49556","1":"product","2":"type-product","3":"status-publish","4":"has-post-thumbnail","6":"product_cat-books","7":"product_cat-fashion-and-philosophy-fashion-accessories","8":"product_cat-historical-and-sociological-studies-of-fashion-selection","9":"product_tag-jean-pierre-lecercle","10":"product_tag-livres-en","11":"product_tag-luxury-en","12":"product_tag-seguier","14":"first","15":"instock","16":"product-type-external"},"acf":[],"yoast_head":"<!-- This site is optimized with the Yoast SEO plugin v27.2 - https:\/\/yoast.com\/product\/yoast-seo-wordpress\/ -->\n<title>Mallarm\u00e9 et la mode - ICON-ICON<\/title>\n<meta name=\"robots\" content=\"index, follow, max-snippet:-1, max-image-preview:large, max-video-preview:-1\" \/>\n<link rel=\"canonical\" href=\"https:\/\/www.icon-icon.com\/en\/produit\/mallarme-et-la-mode\/\" \/>\n<meta property=\"og:locale\" content=\"en_US\" \/>\n<meta property=\"og:type\" content=\"article\" \/>\n<meta property=\"og:title\" content=\"Mallarm\u00e9 et la mode - ICON-ICON\" \/>\n<meta property=\"og:description\" content=\"Author: Jean-Pierre Lecercle  Publishing House: S\u00e9guier  Publication Date: February 20, 2014 Description :&quot;Mallarm\u00e9 et la mode&quot;: whose developments are related to the Derni\u00e8re Mode, the publication to which Mallarm\u00e9 collaborated from August to December 1874. The book attempts to articulate this astonishing review of fashion on Mallarm\u00e9an poetics, although the text of the Derni\u00e8re Mode, and this is the thesis exposed in 1989 by Jean Pierre Lecercle, taken up again and completed today, presents little relationship with Mallarm\u00e9an poetic elaboration. Object of the recent exhibition entitled &quot;Fashion and Impressionism&quot;, the relations of fashion and art deserve to be reappraised all the more that the book, today, haunts, in the proper sense of the term, the windows of the fashion stores which, a few years ago, drove out the bookshops of the Latin Quarter, in Paris, and took their place...\" \/>\n<meta property=\"og:url\" content=\"https:\/\/www.icon-icon.com\/en\/produit\/mallarme-et-la-mode\/\" \/>\n<meta property=\"og:site_name\" content=\"ICON-ICON\" \/>\n<meta property=\"article:modified_time\" content=\"2021-11-25T16:07:31+00:00\" \/>\n<meta property=\"og:image\" content=\"https:\/\/www.icon-icon.com\/wp-content\/uploads\/2021\/07\/Jean-Pierre-Lecercle-.jpg\" \/>\n\t<meta property=\"og:image:width\" content=\"500\" \/>\n\t<meta property=\"og:image:height\" content=\"502\" \/>\n\t<meta property=\"og:image:type\" content=\"image\/jpeg\" \/>\n<meta name=\"twitter:card\" content=\"summary_large_image\" \/>\n<script type=\"application\/ld+json\" class=\"yoast-schema-graph\">{\"@context\":\"https:\/\/schema.org\",\"@graph\":[{\"@type\":\"WebPage\",\"@id\":\"https:\/\/www.icon-icon.com\/en\/produit\/mallarme-et-la-mode\/\",\"url\":\"https:\/\/www.icon-icon.com\/en\/produit\/mallarme-et-la-mode\/\",\"name\":\"Mallarm\u00e9 et la mode - ICON-ICON\",\"isPartOf\":{\"@id\":\"https:\/\/www.icon-icon.com\/#website\"},\"primaryImageOfPage\":{\"@id\":\"https:\/\/www.icon-icon.com\/en\/produit\/mallarme-et-la-mode\/#primaryimage\"},\"image\":{\"@id\":\"https:\/\/www.icon-icon.com\/en\/produit\/mallarme-et-la-mode\/#primaryimage\"},\"thumbnailUrl\":\"https:\/\/www.icon-icon.com\/wp-content\/uploads\/2021\/07\/Jean-Pierre-Lecercle-.jpg\",\"datePublished\":\"2021-07-09T13:49:42+00:00\",\"dateModified\":\"2021-11-25T16:07:31+00:00\",\"breadcrumb\":{\"@id\":\"https:\/\/www.icon-icon.com\/en\/produit\/mallarme-et-la-mode\/#breadcrumb\"},\"inLanguage\":\"en-US\",\"potentialAction\":[{\"@type\":\"ReadAction\",\"target\":[\"https:\/\/www.icon-icon.com\/en\/produit\/mallarme-et-la-mode\/\"]}]},{\"@type\":\"ImageObject\",\"inLanguage\":\"en-US\",\"@id\":\"https:\/\/www.icon-icon.com\/en\/produit\/mallarme-et-la-mode\/#primaryimage\",\"url\":\"https:\/\/www.icon-icon.com\/wp-content\/uploads\/2021\/07\/Jean-Pierre-Lecercle-.jpg\",\"contentUrl\":\"https:\/\/www.icon-icon.com\/wp-content\/uploads\/2021\/07\/Jean-Pierre-Lecercle-.jpg\",\"width\":500,\"height\":502},{\"@type\":\"BreadcrumbList\",\"@id\":\"https:\/\/www.icon-icon.com\/en\/produit\/mallarme-et-la-mode\/#breadcrumb\",\"itemListElement\":[{\"@type\":\"ListItem\",\"position\":1,\"name\":\"Accueil\",\"item\":\"https:\/\/www.icon-icon.com\/en\/\"},{\"@type\":\"ListItem\",\"position\":2,\"name\":\"Shop\",\"item\":\"https:\/\/www.icon-icon.com\/en\/shop-2\/\"},{\"@type\":\"ListItem\",\"position\":3,\"name\":\"Mallarm\u00e9 et la mode\"}]},{\"@type\":\"WebSite\",\"@id\":\"https:\/\/www.icon-icon.com\/#website\",\"url\":\"https:\/\/www.icon-icon.com\/\",\"name\":\"ICON-ICON\",\"description\":\"Luxury Stories\",\"potentialAction\":[{\"@type\":\"SearchAction\",\"target\":{\"@type\":\"EntryPoint\",\"urlTemplate\":\"https:\/\/www.icon-icon.com\/?s={search_term_string}\"},\"query-input\":{\"@type\":\"PropertyValueSpecification\",\"valueRequired\":true,\"valueName\":\"search_term_string\"}}],\"inLanguage\":\"en-US\"}]}<\/script>\n<!-- \/ Yoast SEO plugin. -->","yoast_head_json":{"title":"Mallarm\u00e9 et la mode - ICON-ICON","robots":{"index":"index","follow":"follow","max-snippet":"max-snippet:-1","max-image-preview":"max-image-preview:large","max-video-preview":"max-video-preview:-1"},"canonical":"https:\/\/www.icon-icon.com\/en\/produit\/mallarme-et-la-mode\/","og_locale":"en_US","og_type":"article","og_title":"Mallarm\u00e9 et la mode - ICON-ICON","og_description":"Author: Jean-Pierre Lecercle  Publishing House: S\u00e9guier  Publication Date: February 20, 2014 Description :\"Mallarm\u00e9 et la mode\": whose developments are related to the Derni\u00e8re Mode, the publication to which Mallarm\u00e9 collaborated from August to December 1874. The book attempts to articulate this astonishing review of fashion on Mallarm\u00e9an poetics, although the text of the Derni\u00e8re Mode, and this is the thesis exposed in 1989 by Jean Pierre Lecercle, taken up again and completed today, presents little relationship with Mallarm\u00e9an poetic elaboration. Object of the recent exhibition entitled \"Fashion and Impressionism\", the relations of fashion and art deserve to be reappraised all the more that the book, today, haunts, in the proper sense of the term, the windows of the fashion stores which, a few years ago, drove out the bookshops of the Latin Quarter, in Paris, and took their place...","og_url":"https:\/\/www.icon-icon.com\/en\/produit\/mallarme-et-la-mode\/","og_site_name":"ICON-ICON","article_modified_time":"2021-11-25T16:07:31+00:00","og_image":[{"width":500,"height":502,"url":"https:\/\/www.icon-icon.com\/wp-content\/uploads\/2021\/07\/Jean-Pierre-Lecercle-.jpg","type":"image\/jpeg"}],"twitter_card":"summary_large_image","schema":{"@context":"https:\/\/schema.org","@graph":[{"@type":"WebPage","@id":"https:\/\/www.icon-icon.com\/en\/produit\/mallarme-et-la-mode\/","url":"https:\/\/www.icon-icon.com\/en\/produit\/mallarme-et-la-mode\/","name":"Mallarm\u00e9 et la mode - ICON-ICON","isPartOf":{"@id":"https:\/\/www.icon-icon.com\/#website"},"primaryImageOfPage":{"@id":"https:\/\/www.icon-icon.com\/en\/produit\/mallarme-et-la-mode\/#primaryimage"},"image":{"@id":"https:\/\/www.icon-icon.com\/en\/produit\/mallarme-et-la-mode\/#primaryimage"},"thumbnailUrl":"https:\/\/www.icon-icon.com\/wp-content\/uploads\/2021\/07\/Jean-Pierre-Lecercle-.jpg","datePublished":"2021-07-09T13:49:42+00:00","dateModified":"2021-11-25T16:07:31+00:00","breadcrumb":{"@id":"https:\/\/www.icon-icon.com\/en\/produit\/mallarme-et-la-mode\/#breadcrumb"},"inLanguage":"en-US","potentialAction":[{"@type":"ReadAction","target":["https:\/\/www.icon-icon.com\/en\/produit\/mallarme-et-la-mode\/"]}]},{"@type":"ImageObject","inLanguage":"en-US","@id":"https:\/\/www.icon-icon.com\/en\/produit\/mallarme-et-la-mode\/#primaryimage","url":"https:\/\/www.icon-icon.com\/wp-content\/uploads\/2021\/07\/Jean-Pierre-Lecercle-.jpg","contentUrl":"https:\/\/www.icon-icon.com\/wp-content\/uploads\/2021\/07\/Jean-Pierre-Lecercle-.jpg","width":500,"height":502},{"@type":"BreadcrumbList","@id":"https:\/\/www.icon-icon.com\/en\/produit\/mallarme-et-la-mode\/#breadcrumb","itemListElement":[{"@type":"ListItem","position":1,"name":"Accueil","item":"https:\/\/www.icon-icon.com\/en\/"},{"@type":"ListItem","position":2,"name":"Shop","item":"https:\/\/www.icon-icon.com\/en\/shop-2\/"},{"@type":"ListItem","position":3,"name":"Mallarm\u00e9 et la mode"}]},{"@type":"WebSite","@id":"https:\/\/www.icon-icon.com\/#website","url":"https:\/\/www.icon-icon.com\/","name":"ICON-ICON","description":"Luxury Stories","potentialAction":[{"@type":"SearchAction","target":{"@type":"EntryPoint","urlTemplate":"https:\/\/www.icon-icon.com\/?s={search_term_string}"},"query-input":{"@type":"PropertyValueSpecification","valueRequired":true,"valueName":"search_term_string"}}],"inLanguage":"en-US"}]}},"_links":{"self":[{"href":"https:\/\/www.icon-icon.com\/en\/wp-json\/wp\/v2\/product\/49556","targetHints":{"allow":["GET"]}}],"collection":[{"href":"https:\/\/www.icon-icon.com\/en\/wp-json\/wp\/v2\/product"}],"about":[{"href":"https:\/\/www.icon-icon.com\/en\/wp-json\/wp\/v2\/types\/product"}],"wp:featuredmedia":[{"embeddable":true,"href":"https:\/\/www.icon-icon.com\/en\/wp-json\/wp\/v2\/media\/61655"}],"wp:attachment":[{"href":"https:\/\/www.icon-icon.com\/en\/wp-json\/wp\/v2\/media?parent=49556"}],"wp:term":[{"taxonomy":"product_brand","embeddable":true,"href":"https:\/\/www.icon-icon.com\/en\/wp-json\/wp\/v2\/product_brand?post=49556"},{"taxonomy":"product_cat","embeddable":true,"href":"https:\/\/www.icon-icon.com\/en\/wp-json\/wp\/v2\/product_cat?post=49556"},{"taxonomy":"product_tag","embeddable":true,"href":"https:\/\/www.icon-icon.com\/en\/wp-json\/wp\/v2\/product_tag?post=49556"}],"curies":[{"name":"wp","href":"https:\/\/api.w.org\/{rel}","templated":true}]}}

Mallarmé et la mode

<p><b>Author: </b>Jean-Pierre Lecercle</p>
<p><b>Publishing House: </b>Séguier</p>
<p><b>Publication Date</b>: February 20, 2014</p>
<p class="p1"><b>Description :</b>&#8220;Mallarmé et la mode&#8221;: whose developments are related to the Dernière Mode, the publication to which Mallarmé collaborated from August to December 1874. The book attempts to articulate this astonishing review of fashion on Mallarméan poetics, although the text of the Dernière Mode, and this is the thesis exposed in 1989 by Jean Pierre Lecercle, taken up again and completed today, presents little relationship with Mallarméan poetic elaboration. Object of the recent exhibition entitled &#8220;Fashion and Impressionism&#8221;, the relations of fashion and art deserve to be reappraised all the more that the book, today, haunts, in the proper sense of the term, the windows of the fashion stores which, a few years ago, drove out the bookshops of the Latin Quarter, in Paris, and took their place&#8230;</p>

<!-- This site is optimized with the Yoast SEO plugin v27.2 - https://yoast.com/product/yoast-seo-wordpress/ -->
<title>Mallarmé et la mode - ICON-ICON</title>
<meta name="robots" content="index, follow, max-snippet:-1, max-image-preview:large, max-video-preview:-1" />
<link rel="canonical" href="https://www.icon-icon.com/en/produit/mallarme-et-la-mode/" />
<meta property="og:locale" content="en_US" />
<meta property="og:type" content="article" />
<meta property="og:title" content="Mallarmé et la mode - ICON-ICON" />
<meta property="og:description" content="Author: Jean-Pierre Lecercle  Publishing House: Séguier  Publication Date: February 20, 2014 Description :&quot;Mallarmé et la mode&quot;: whose developments are related to the Dernière Mode, the publication to which Mallarmé collaborated from August to December 1874. The book attempts to articulate this astonishing review of fashion on Mallarméan poetics, although the text of the Dernière Mode, and this is the thesis exposed in 1989 by Jean Pierre Lecercle, taken up again and completed today, presents little relationship with Mallarméan poetic elaboration. Object of the recent exhibition entitled &quot;Fashion and Impressionism&quot;, the relations of fashion and art deserve to be reappraised all the more that the book, today, haunts, in the proper sense of the term, the windows of the fashion stores which, a few years ago, drove out the bookshops of the Latin Quarter, in Paris, and took their place..." />
<meta property="og:url" content="https://www.icon-icon.com/en/produit/mallarme-et-la-mode/" />
<meta property="og:site_name" content="ICON-ICON" />
<meta property="article:modified_time" content="2021-11-25T16:07:31+00:00" />
<meta property="og:image" content="https://www.icon-icon.com/wp-content/uploads/2021/07/Jean-Pierre-Lecercle-.jpg" />
	<meta property="og:image:width" content="500" />
	<meta property="og:image:height" content="502" />
	<meta property="og:image:type" content="image/jpeg" />
<meta name="twitter:card" content="summary_large_image" />
<script type="application/ld+json" class="yoast-schema-graph">{"@context":"https://schema.org","@graph":[{"@type":"WebPage","@id":"https://www.icon-icon.com/en/produit/mallarme-et-la-mode/","url":"https://www.icon-icon.com/en/produit/mallarme-et-la-mode/","name":"Mallarmé et la mode - ICON-ICON","isPartOf":{"@id":"https://www.icon-icon.com/#website"},"primaryImageOfPage":{"@id":"https://www.icon-icon.com/en/produit/mallarme-et-la-mode/#primaryimage"},"image":{"@id":"https://www.icon-icon.com/en/produit/mallarme-et-la-mode/#primaryimage"},"thumbnailUrl":"https://www.icon-icon.com/wp-content/uploads/2021/07/Jean-Pierre-Lecercle-.jpg","datePublished":"2021-07-09T13:49:42+00:00","dateModified":"2021-11-25T16:07:31+00:00","breadcrumb":{"@id":"https://www.icon-icon.com/en/produit/mallarme-et-la-mode/#breadcrumb"},"inLanguage":"en-US","potentialAction":[{"@type":"ReadAction","target":["https://www.icon-icon.com/en/produit/mallarme-et-la-mode/"]}]},{"@type":"ImageObject","inLanguage":"en-US","@id":"https://www.icon-icon.com/en/produit/mallarme-et-la-mode/#primaryimage","url":"https://www.icon-icon.com/wp-content/uploads/2021/07/Jean-Pierre-Lecercle-.jpg","contentUrl":"https://www.icon-icon.com/wp-content/uploads/2021/07/Jean-Pierre-Lecercle-.jpg","width":500,"height":502},{"@type":"BreadcrumbList","@id":"https://www.icon-icon.com/en/produit/mallarme-et-la-mode/#breadcrumb","itemListElement":[{"@type":"ListItem","position":1,"name":"Accueil","item":"https://www.icon-icon.com/en/"},{"@type":"ListItem","position":2,"name":"Shop","item":"https://www.icon-icon.com/en/shop-2/"},{"@type":"ListItem","position":3,"name":"Mallarmé et la mode"}]},{"@type":"WebSite","@id":"https://www.icon-icon.com/#website","url":"https://www.icon-icon.com/","name":"ICON-ICON","description":"Luxury Stories","potentialAction":[{"@type":"SearchAction","target":{"@type":"EntryPoint","urlTemplate":"https://www.icon-icon.com/?s={search_term_string}"},"query-input":{"@type":"PropertyValueSpecification","valueRequired":true,"valueName":"search_term_string"}}],"inLanguage":"en-US"}]}</script>
<!-- / Yoast SEO plugin. -->

Mallarmé et la mode - ICON-ICON

Author: Jean-Pierre Lecercle  Publishing House: Séguier  Publication Date: February 20, 2014 Description :"Mallarmé et la mode": whose developments are related to the Dernière Mode, the publication to which Mallarmé collaborated from August to December 1874. The book attempts to articulate this astonishing review of fashion on Mallarméan poetics, although the text of the Dernière Mode, and this is the thesis exposed in 1989 by Jean Pierre Lecercle, taken up again and completed today, presents little relationship with Mallarméan poetic elaboration. Object of the recent exhibition entitled "Fashion and Impressionism", the relations of fashion and art deserve to be reappraised all the more that the book, today, haunts, in the proper sense of the term, the windows of the fashion stores which, a few years ago, drove out the bookshops of the Latin Quarter, in Paris, and took their place...
