


{"version":"1.0","provider_name":"ICON-ICON","provider_url":"https:\/\/www.icon-icon.com\/en\/","author_name":"Icon-Icon","author_url":"https:\/\/www.icon-icon.com\/en\/author\/icon\/","title":"Roger Vivier's Buckled Ballet Flats - ICON-ICON","type":"rich","width":600,"height":338,"html":"<blockquote class=\"wp-embedded-content\" data-secret=\"nkZ2BXqYFw\"><a href=\"https:\/\/www.icon-icon.com\/en\/roger-viviers-buckled-ballet-flats\/\">Roger Vivier&#8217;s Buckled Ballet Flats<\/a><\/blockquote><iframe sandbox=\"allow-scripts\" security=\"restricted\" src=\"https:\/\/www.icon-icon.com\/en\/roger-viviers-buckled-ballet-flats\/embed\/#?secret=nkZ2BXqYFw\" width=\"600\" height=\"338\" title=\"&#8220;Roger Vivier&#8217;s Buckled Ballet Flats&#8221; &#8212; ICON-ICON\" data-secret=\"nkZ2BXqYFw\" frameborder=\"0\" marginwidth=\"0\" marginheight=\"0\" scrolling=\"no\" class=\"wp-embedded-content\"><\/iframe><script type=\"text\/javascript\">\n\/* <![CDATA[ *\/\n\/*! This file is auto-generated *\/\n!function(d,l){\"use strict\";l.querySelector&&d.addEventListener&&\"undefined\"!=typeof URL&&(d.wp=d.wp||{},d.wp.receiveEmbedMessage||(d.wp.receiveEmbedMessage=function(e){var t=e.data;if((t||t.secret||t.message||t.value)&&!\/[^a-zA-Z0-9]\/.test(t.secret)){for(var s,r,n,a=l.querySelectorAll('iframe[data-secret=\"'+t.secret+'\"]'),o=l.querySelectorAll('blockquote[data-secret=\"'+t.secret+'\"]'),c=new RegExp(\"^https?:$\",\"i\"),i=0;i<o.length;i++)o[i].style.display=\"none\";for(i=0;i<a.length;i++)s=a[i],e.source===s.contentWindow&&(s.removeAttribute(\"style\"),\"height\"===t.message?(1e3<(r=parseInt(t.value,10))?r=1e3:~~r<200&&(r=200),s.height=r):\"link\"===t.message&&(r=new URL(s.getAttribute(\"src\")),n=new URL(t.value),c.test(n.protocol))&&n.host===r.host&&l.activeElement===s&&(d.top.location.href=t.value))}},d.addEventListener(\"message\",d.wp.receiveEmbedMessage,!1),l.addEventListener(\"DOMContentLoaded\",function(){for(var e,t,s=l.querySelectorAll(\"iframe.wp-embedded-content\"),r=0;r<s.length;r++)(t=(e=s[r]).getAttribute(\"data-secret\"))||(t=Math.random().toString(36).substring(2,12),e.src+=\"#?secret=\"+t,e.setAttribute(\"data-secret\",t)),e.contentWindow.postMessage({message:\"ready\",secret:t},\"*\")},!1)))}(window,document);\n\/\/# sourceURL=https:\/\/www.icon-icon.com\/wp-includes\/js\/wp-embed.min.js\n\/* ]]> *\/\n<\/script>\n","thumbnail_url":"http:\/\/www.icon-icon.com\/wp-content\/uploads\/2013\/05\/Icon-icon-ic\u00f4ne-le-soulier-\u00e0-boucle-Roger-Vivier-le-soulier-\u00e0-boucle-Roger-Vivier-In\u00e8s-de-la-Fressange-les-Belles-du-Jour-Catherine-Deneuve-_0.jpg","thumbnail_width":600,"thumbnail_height":494,"description":"&nbsp;\u201cCertain products transcend time with verve. This is the case [&#8230;] for Roger Vivier&#8217;s&nbsp;buckled ballerina flats. A woman that goes out with cropped jeans, a Herm\u00e8s Kelly bag, and&nbsp;Roger Vivier&nbsp;shoes will always feel good.\u201d With these words, it&#8217;s all too clear that In\u00e8s de la Fressange didn&#8217;t choose to head up Roger Vivier by chance:..."}

http://www.icon-icon.com/wp-content/uploads/2013/05/Icon-icon-icône-le-soulier-à-boucle-Roger-Vivier-le-soulier-à-boucle-Roger-Vivier-Inès-de-la-Fressange-les-Belles-du-Jour-Catherine-Deneuve-_0.jpg

&nbsp;“Certain products transcend time with verve. This is the case [&#8230;] for Roger Vivier&#8217;s&nbsp;buckled ballerina flats. A woman that goes out with cropped jeans, a Hermès Kelly bag, and&nbsp;Roger Vivier&nbsp;shoes will always feel good.” With these words, it&#8217;s all too clear that Inès de la Fressange didn&#8217;t choose to head up Roger Vivier by chance:...
